{"id":1527,"date":"2015-06-24T13:49:46","date_gmt":"2015-06-24T12:49:46","guid":{"rendered":"http:\/\/old.libradio.org\/?page_id=1527"},"modified":"2021-04-08T00:59:17","modified_gmt":"2021-04-07T23:59:17","slug":"radio-cafe-philo","status":"publish","type":"page","link":"https:\/\/old.libradio.org\/?page_id=1527","title":{"rendered":"Radio Caf\u00e9-Philo"},"content":{"rendered":"<hr>\n<p>Le Caf\u00e9 Philo prend ses quartiers d&rsquo;\u00e9t\u00e9 pour les mois de juillet et ao\u00fbt. Cela ne signifie aucunement retrait ou paresse et encore moins d\u00e9s\u0153uvrement! Voici les illustrations de nos occurrences prochaines; visuels non exhaustifs  puisque le programme n&rsquo;y est point encore d\u00e9taill\u00e9.<br \/>\n&nbsp;<br \/>\nLa patience est m\u00e8re de toutes les vertus, comme disait Kramps, le lumpen jardinier. L&rsquo;on cultive cet \u00e9t\u00e9 le plaisir de se rencontrer, d&rsquo;\u00e9changer de joindre nos consid\u00e9rations et d&rsquo;\u00e9lever laborieusement et solidairement nos conditions.<br \/>\n&nbsp;<br \/>\n&nbsp;<br \/>\nAu programme\u00a0:<br \/>\n\t\t\t<strong>\u00ab\u00a0ProstitutionS , quelles lois et quelles luttes\u00a0?!\u00a0\u00bb<br \/>\n\t\t\tCauserie anim\u00e9e par l&rsquo;ADTS en pr\u00e9sence de Ma\u00eetre  Sylvie Mathys, avocate<br \/>\n\t\t\tet membre de l&rsquo;Association de d\u00e9fense des Travailleuses du sexe.<br \/>\n\t\t\tMod\u00e9ration et captation sonore par LibrAdio.<\/strong><\/p>\n<p>&nbsp;<br \/>\n<a href=\"https:\/\/old.libradio.org\/wp-content\/uploads\/2015\/06\/visuCaf\u00e9phiFinal.png\"><img decoding=\"async\" loading=\"lazy\" src=\"https:\/\/old.libradio.org\/wp-content\/uploads\/2015\/06\/visuCaf\u00e9phiFinal-1024x524.png\" alt=\"visuCaf\u00e9phiFinal\" width=\"750\" height=\"384\" class=\"aligncenter size-large wp-image-1701\" srcset=\"https:\/\/old.libradio.org\/wp-content\/uploads\/2015\/06\/visuCaf\u00e9phiFinal-1024x524.png 1024w, https:\/\/old.libradio.org\/wp-content\/uploads\/2015\/06\/visuCaf\u00e9phiFinal-300x154.png 300w, https:\/\/old.libradio.org\/wp-content\/uploads\/2015\/06\/visuCaf\u00e9phiFinal-600x307.png 600w, https:\/\/old.libradio.org\/wp-content\/uploads\/2015\/06\/visuCaf\u00e9phiFinal.png 1790w\" sizes=\"(max-width: 750px) 100vw, 750px\" \/><\/a><br \/>\n&nbsp;<\/p>\n<hr>\n<hr>\n<p>&nbsp;<\/p>\n<p><a href=\"https:\/\/old.libradio.org\/wp-content\/uploads\/2015\/06\/AdtsTriple.jpg\"><img decoding=\"async\" loading=\"lazy\" src=\"https:\/\/old.libradio.org\/wp-content\/uploads\/2015\/06\/AdtsTriple.jpg\" alt=\"AdtsTriple\" width=\"794\" height=\"415\" class=\"aligncenter size-full wp-image-1663\" srcset=\"https:\/\/old.libradio.org\/wp-content\/uploads\/2015\/06\/AdtsTriple.jpg 794w, https:\/\/old.libradio.org\/wp-content\/uploads\/2015\/06\/AdtsTriple-300x157.jpg 300w, https:\/\/old.libradio.org\/wp-content\/uploads\/2015\/06\/AdtsTriple-600x314.jpg 600w\" sizes=\"(max-width: 794px) 100vw, 794px\" \/><\/a><br \/>\n&nbsp;<\/p>\n<li>Vendredi 31 juillet d&rsquo;abord. Au CodeBar, 10 r. Baulacre; une rencontre, un ap\u00e9ro, une \u00e9mission comune av ec Radio Sans-Cha\u00eene, une expo et des projections courtes, un concert sous r\u00e9erve mais certainement un bal; sans oulbierle grill \u00e0 disposition! Ce sera mi-dedans mi-dehors, pour de gratuit et dans la tranche 18h-23h.<br \/>\n&nbsp;\n<\/li>\n<li>Vendredi 28 ao\u00fbt, au Pavillon Bleu, 6 r. des Amis en plein centre des Grottes, voisin du 10bis et du Patchinko. Encore une session estivale. Musique et accueils attentifs; questions-r\u00e9ponses et expo en mode ext\u00e9rieur-int\u00e9rieur et dans les modalit\u00e9s identiques: Gratuit, 18h-23h et sous r\u00e9serve encore quelques temps.<br \/>\n&nbsp;\n<\/li>\n<li>Village Alternatiba. Le samedi 19 septembre; lors de la grande f\u00eate du Climat[social]. A la salle communale de Plainpalais, 52 r. de Carouge; il s&rsquo;agit l\u00e0 de la rentr\u00e9e du \u00ab\u00a0v\u00e9ritable\u00a0\u00bb Caf\u00e9-Philo. Radio retransmins en direct et en public. Causerie dialectique, en compagnie d&rsquo;invit\u00e9Es, de praticiennes, de [ex]clientEs et de toi et tes questionnements! L\u00e0 aussi des informations suppl\u00e9mentaires viendront compl\u00e9ter sous peu le cort\u00e8ge de tes questions.<br \/>\n&nbsp;<br \/>\n<a href=\"https:\/\/old.libradio.org\/wp-content\/uploads\/2015\/06\/adts\u00e9t\u00e9bis2.jpg\"><img decoding=\"async\" loading=\"lazy\" src=\"https:\/\/old.libradio.org\/wp-content\/uploads\/2015\/06\/adts\u00e9t\u00e9bis2-300x111.jpg\" alt=\"adts\u00e9t\u00e9bis2\" width=\"300\" height=\"111\" class=\"aligncenter size-medium wp-image-1614\" srcset=\"https:\/\/old.libradio.org\/wp-content\/uploads\/2015\/06\/adts\u00e9t\u00e9bis2-300x111.jpg 300w, https:\/\/old.libradio.org\/wp-content\/uploads\/2015\/06\/adts\u00e9t\u00e9bis2-600x222.jpg 600w, https:\/\/old.libradio.org\/wp-content\/uploads\/2015\/06\/adts\u00e9t\u00e9bis2.jpg 952w\" sizes=\"(max-width: 300px) 100vw, 300px\" \/><\/a><br \/>\n&nbsp;<\/p>\n<hr>\n<p>&nbsp;<br \/>\nVoici le podcast en deux parties de la premi\u00e8re session du CAF\u00c9 PHILO depuis Urgence Disk \u00e0 l&rsquo;Usine.<br \/>\n[Pour \u00e9couter les Podcast, clique sur le lien en gras. Pour t\u00e9l\u00e9charger; clique de droite et enregistrer la cible].<br \/>\n&nbsp;<br \/>\n<a href=\"http:\/\/podcast.frequencebanane.ch\/files\/1436101280_cafifi.p.1.mp3\" target=\"_blank\"><strong>Partie1<\/strong><\/a><br \/>\nDur\u00e9e 40&rsquo;10\u00a0\u00bb Illustration sonore: G. Brassens; \u00ab\u00a0La complainte des Filles de joie\u00a0\u00bb<br \/>\n&nbsp;<br \/>\n<a href=\"http:\/\/podcast.frequencebanane.ch\/files\/1436101701_cafifi.p.2.mp3\" target=\"_blank\"><strong>Partie2<\/strong><\/a><br \/>\nDur\u00e9e 44&rsquo;10\u00a0\u00bb Illustration sonore: Lou Reed; \u00ab\u00a0Take a walk on a wild side\u00a0\u00bb.<br \/>\n&nbsp;<br \/>\nLe Caf\u00e9 Philo \u00e9pisode1, 03.07.2015 \u00e0 Urgence Disk-L&rsquo;Usine. Th\u00e8me: \u00ab\u00a0Le Travail du Sexe-\u00e9p.1 IntervenantEs: Claudette Plumey et Philippe Hofstetter, pr\u00e9sidente et vice de l&rsquo;ADTS; association de d\u00e9fense des Travailleuses du sexe.<br \/>\n&nbsp;<br \/>\nOrga: ADTS\/libradio<br \/>\nMod\u00e9ration: Ir\u00e8ne<br \/>\n&nbsp;<br \/>\n<a href=\"https:\/\/old.libradio.org\/wp-content\/uploads\/2015\/06\/philo1.jpg\"><img decoding=\"async\" loading=\"lazy\" src=\"https:\/\/old.libradio.org\/wp-content\/uploads\/2015\/06\/philo1-225x300.jpg\" alt=\"philo1\" width=\"225\" height=\"300\" class=\"alignleft size-medium wp-image-1572\" srcset=\"https:\/\/old.libradio.org\/wp-content\/uploads\/2015\/06\/philo1-225x300.jpg 225w, https:\/\/old.libradio.org\/wp-content\/uploads\/2015\/06\/philo1.jpg 450w\" sizes=\"(max-width: 225px) 100vw, 225px\" \/><\/a><a href=\"https:\/\/old.libradio.org\/wp-content\/uploads\/2015\/06\/philo3.jpg\"><img decoding=\"async\" loading=\"lazy\" src=\"https:\/\/old.libradio.org\/wp-content\/uploads\/2015\/06\/philo3-300x201.jpg\" alt=\"philo3\" width=\"300\" height=\"201\" class=\"alignright size-medium wp-image-1574\" srcset=\"https:\/\/old.libradio.org\/wp-content\/uploads\/2015\/06\/philo3-300x201.jpg 300w, https:\/\/old.libradio.org\/wp-content\/uploads\/2015\/06\/philo3.jpg 447w\" sizes=\"(max-width: 300px) 100vw, 300px\" \/><\/a><br \/>\n&nbsp;<br \/>\n&nbsp;<br \/>\n&nbsp;<br \/>\n&nbsp;<br \/>\n<br \/>\n&nbsp;<br \/>\n&nbsp;<br \/>\n<br \/>\n&nbsp;<br \/>\n&nbsp;<br \/>\n&nbsp;<br \/>\n&nbsp;<br \/>\n&#038;nbsp<br \/>\n<a href=\"https:\/\/old.libradio.org\/wp-content\/uploads\/2015\/06\/cafii5.jpg\"><img decoding=\"async\" loading=\"lazy\" src=\"https:\/\/old.libradio.org\/wp-content\/uploads\/2015\/06\/cafii5-300x184.jpg\" alt=\"cafii5\" width=\"300\" height=\"184\" class=\"alignleft size-medium wp-image-1587\" srcset=\"https:\/\/old.libradio.org\/wp-content\/uploads\/2015\/06\/cafii5-300x184.jpg 300w, https:\/\/old.libradio.org\/wp-content\/uploads\/2015\/06\/cafii5.jpg 450w\" sizes=\"(max-width: 300px) 100vw, 300px\" \/><\/a><a href=\"https:\/\/old.libradio.org\/wp-content\/uploads\/2015\/06\/philo2.jpg\"><img decoding=\"async\" loading=\"lazy\" src=\"https:\/\/old.libradio.org\/wp-content\/uploads\/2015\/06\/philo2-300x174.jpg\" alt=\"philo2\" width=\"300\" height=\"174\" class=\"alignright size-medium wp-image-1573\" srcset=\"https:\/\/old.libradio.org\/wp-content\/uploads\/2015\/06\/philo2-300x174.jpg 300w, https:\/\/old.libradio.org\/wp-content\/uploads\/2015\/06\/philo2.jpg 442w\" sizes=\"(max-width: 300px) 100vw, 300px\" \/><\/a><br \/>\n<br \/>\n&nbsp;<br \/>\n&nbsp;<br \/>\n&nbsp;<br \/>\n<br \/>\n&nbsp;<br \/>\n&nbsp;<br \/>\n&nbsp;<br \/>\n<\/p>\n<hr>\n<p>&nbsp;<\/p>\n<hr>\n<p>\nPREMIER CAF\u00c9 PHILO<br \/>\n<BR><br \/>\nUne premi\u00e8re instance se tiendra le vendredi 03 juillet \u00e0 Urgence Disk\/L&rsquo;Usine.<br \/>\nPlace des Volontaires 4, De 18h30 pr\u00e9cise \u00e0 23h. Entr\u00e9e Libre, Bar et Grignotes.<br \/>\nProgramme en pied de page.<br \/>\n&nbsp;<br \/>\n<strong>Qu&rsquo;et-ce que le Caf\u00e9 Philo?<\/strong><br \/>\n&nbsp;<br \/>\nC&rsquo;est un projet itin\u00e9rant, En ceci il est jumel\u00e9 de LibrAdio, web-radio mobile comme l&rsquo;on te le narre d\u00e8s notre av\u00e8nement. Un projet itin\u00e9rant et r\u00e9curent; mensuel. Il s&rsquo;agit de ventiler des r\u00e9flexions et des r\u00e9fections; des t\u00e9moignages, des questionnement des interrogations, de susciter de la compr\u00e9hension de l&#8217;empathie du raisonnement et des solidarit\u00e9s. De marcher main dans la main, lorsque celle-ci est amicale et altruiste.<br \/>\n&nbsp;<br \/>\n<a href=\"https:\/\/old.libradio.org\/wp-content\/uploads\/2015\/06\/molly2.jpg\"><img decoding=\"async\" loading=\"lazy\" src=\"https:\/\/old.libradio.org\/wp-content\/uploads\/2015\/06\/molly2.jpg\" alt=\"molly2\" width=\"510\" height=\"354\" class=\"aligncenter size-full wp-image-1563\" srcset=\"https:\/\/old.libradio.org\/wp-content\/uploads\/2015\/06\/molly2.jpg 510w, https:\/\/old.libradio.org\/wp-content\/uploads\/2015\/06\/molly2-300x208.jpg 300w\" sizes=\"(max-width: 510px) 100vw, 510px\" \/><\/a><br \/>\n&nbsp;<br \/>\nC&rsquo;est surtout l&rsquo;\u00e9manation de l&rsquo;A.D.T.S. L&rsquo;association de D\u00e9fense des Travailleuse du Sexe. Association d\u00e9fensive et offensive dans le sens ou si la dynamique est de d\u00e9fendre les pr\u00e9caires parmi les pr\u00e9caires, il est \u00e9galement question d&rsquo;interroger la place de la sexualit\u00e9, comme marqueur soci\u00e9tal et comme curseur de l&rsquo;\u00e9tat de nos m\u00e9ninges, et pas que.<br \/>\n&nbsp;<br \/>\nC&rsquo;est \u00e9galement le temps d&rsquo;une rencontre; praticiennes et usagerEs, curieux\/Ses et quidams; dont le questionnement souhaite d\u00e9passer les sornettes et autres r\u00e9ductions de nos champs cognitifs qui est op\u00e9r\u00e9 dans les m\u00e9dias de masse.<br \/>\n&nbsp;<br \/>\nC&rsquo;est pour terminer en forme de commencement, l&rsquo;occasion d&rsquo;une introspection et d&rsquo;une r\u00e9flexion, d&rsquo;une confrontation apais\u00e9e, sur tous les aspects des relations \u00e0 autrui, des rapports de s\u00e9ductions, de l&rsquo;Eros certes mais \u00e9galement de l&rsquo;Agap\u00e9 et du Phila\u00e9, de l&rsquo;Amour physique, platonique, confraternel, familial et amical de ce qu&rsquo;il s&rsquo;agit bien de recenser non pas comme le nerf de la guerre, mais bien le nerf de la vie!<br \/>\n&nbsp;<br \/>\nViens nous rencontrer lors de nos \u00e9pisodes itin\u00e9rants! Prends contact pour nous faire part de suggestions, de lieux, de questions, etc. Nous recherchons toujours du soutien, pour continuer et affiner nos dire et nos faire; ensemble.<br \/>\n&nbsp;<br \/>\n<strong>caphilo@libradio.org<\/strong><br \/>\n&nbsp;<br \/>\nPROGRAMME DE L&rsquo;\u00c9PISODE I<br \/>\n&nbsp;<br \/>\nLe premier \u00e9pisode du Caf\u00e9 Philo se tiendra \u00e0 Urgence Disk-L&rsquo;Usine de Gen\u00e8ve, 4, place des Volontaires.<br \/>\nLe Vendredi 03 juillet, de 18h30 \u00e0 23h. Entr\u00e9e libre, bar et grignotes sur place.<br \/>\n&nbsp; <\/p>\n<hr>\n<p><strong>\u00ab\u00a0Pr\u00e9sentation de et par l&rsquo;ADTS\/Association de D\u00e9fense des Travailleuses du Sexe\u00a0\u00bb<br \/>\nLE TRAVAIL DU SEXE\u00a0: \u00c9pisode I<\/strong><br \/>\n&nbsp;<br \/>\nIntervenantEs\u00a0:<br \/>\n<br \/>\n<strong>Claudette PLUMEY\tPr\u00e9sidente de l&rsquo;ADTS<br \/>\n\t\t\tPhilippe HOFSTETTER\tVice-pr\u00e9sident de l&rsquo;ADTS<br \/>\n\t<\/strong><br \/>\n&nbsp;<br \/>\nMod\u00e9ration\u00a0:\t\tLibradio\t\t\tWeb-radio libre.<\/p>\n<hr>\n<p>&nbsp;<br \/>\n&nbsp;<br \/>\n<a href=\"https:\/\/old.libradio.org\/wp-content\/uploads\/2015\/06\/ADTSCaf\u00e9philo1.jpg\"><img decoding=\"async\" loading=\"lazy\" src=\"https:\/\/old.libradio.org\/wp-content\/uploads\/2015\/06\/ADTSCaf\u00e9philo1.jpg\" alt=\"ADTSCaf\u00e9philo1\" width=\"478\" height=\"790\" class=\"alignleft size-full wp-image-1532\" srcset=\"https:\/\/old.libradio.org\/wp-content\/uploads\/2015\/06\/ADTSCaf\u00e9philo1.jpg 478w, https:\/\/old.libradio.org\/wp-content\/uploads\/2015\/06\/ADTSCaf\u00e9philo1-182x300.jpg 182w\" sizes=\"(max-width: 478px) 100vw, 478px\" \/><\/a><br \/>\n&nbsp;<br \/>\n&nbsp;<br \/>\n&nbsp;<br \/>\n&nbsp;<br \/>\n&nbsp;<\/p>\n","protected":false},"excerpt":{"rendered":"<p>Le Caf\u00e9 Philo prend ses quartiers d&rsquo;\u00e9t\u00e9 pour les mois de juillet et ao\u00fbt. Cela ne signifie aucunement retrait ou paresse et encore moins d\u00e9s\u0153uvrement! Voici les illustrations de nos occurrences prochaines; visuels non exhaustifs puisque le programme n&rsquo;y est point encore d\u00e9taill\u00e9. &nbsp; La patience est m\u00e8re de toutes les vertus, comme disait Kramps, [&hellip;]<\/p>\n","protected":false},"author":2,"featured_media":0,"parent":3689,"menu_order":7,"comment_status":"open","ping_status":"open","template":"","meta":[],"_links":{"self":[{"href":"https:\/\/old.libradio.org\/index.php?rest_route=\/wp\/v2\/pages\/1527"}],"collection":[{"href":"https:\/\/old.libradio.org\/index.php?rest_route=\/wp\/v2\/pages"}],"about":[{"href":"https:\/\/old.libradio.org\/index.php?rest_route=\/wp\/v2\/types\/page"}],"author":[{"embeddable":true,"href":"https:\/\/old.libradio.org\/index.php?rest_route=\/wp\/v2\/users\/2"}],"replies":[{"embeddable":true,"href":"https:\/\/old.libradio.org\/index.php?rest_route=%2Fwp%2Fv2%2Fcomments&post=1527"}],"version-history":[{"count":37,"href":"https:\/\/old.libradio.org\/index.php?rest_route=\/wp\/v2\/pages\/1527\/revisions"}],"predecessor-version":[{"id":10260,"href":"https:\/\/old.libradio.org\/index.php?rest_route=\/wp\/v2\/pages\/1527\/revisions\/10260"}],"up":[{"embeddable":true,"href":"https:\/\/old.libradio.org\/index.php?rest_route=\/wp\/v2\/pages\/3689"}],"wp:attachment":[{"href":"https:\/\/old.libradio.org\/index.php?rest_route=%2Fwp%2Fv2%2Fmedia&parent=1527"}],"curies":[{"name":"wp","href":"https:\/\/api.w.org\/{rel}","templated":true}]}}