{"id":2,"date":"2013-12-08T11:35:32","date_gmt":"2013-12-08T10:35:32","guid":{"rendered":"http:\/\/old.libradio.org\/?page_id=2"},"modified":"2020-03-14T09:57:53","modified_gmt":"2020-03-14T08:57:53","slug":"page-d-exemple","status":"publish","type":"page","link":"https:\/\/old.libradio.org\/?page_id=2","title":{"rendered":"LibrAdio?"},"content":{"rendered":"<hr>\n<p>Constitution f\u00e9d\u00e9rale de la Conf\u00e9d\u00e9ration suisse du 18 avril 1999 (Etat le 1er janvier 2018)<\/p>\n<ul>\n<li><u>Art. 17 Libert\u00e9 des m\u00e9dias<\/u><br \/>\n1| La libert\u00e9 de la presse, de la radio et de la t\u00e9l\u00e9vision, ainsi que des autres formes de diffusion de productions et d&rsquo;informations ressortissant aux t\u00e9l\u00e9communications publiques est garantie.<br \/>\n2| La censure est interdite.<br \/>\n3| Le secret de r\u00e9daction est garanti<\/li>\n<\/ul>\n<p>D\u00e9claration des devoirs et des droits des journalistes<br \/>\n<a href=\"https:\/\/old.libradio.org\/wp-content\/uploads\/2019\/03\/charte_munich1971_fr.pdf\"><strong>Charte de Munich de 1971<\/strong><\/a><\/p>\n<li><strong>LibrAdio<\/strong>, un m\u00e9dia critique\/version courte(*)<\/li>\n<hr>\n<p>Relais et appuis des initiatives positives de la soci\u00e9t\u00e9 civile. Auto-m\u00e9dia de la masse critique. Radio Libre hors salariat, farouchement ind\u00e9pendante; LibrAdio, la radio qui &#8230; t&rsquo;\u00e9coute.<br \/>\n&nbsp;<br \/>\nTelles sont notre position et nos aspirations. Quand aux modalit\u00e9s, elle s&rsquo;\u00e9coulent [Panta Rhei] de la dialectique d\u00e9mocratique et horizontale co-adjuv\u00e9e par les principes z\u00e9t\u00e9tiques. Ainsi un soin particulier et faillible nous invite \u00e0 veiller aux mots, \u00e0 la s\u00e9mantique et aux formulations qui ont cours. Trois documents ci-dessous nous accompagnent avantageusement.<br \/>\n&nbsp;<br \/>\n_<a href=\"https:\/\/old.libradio.org\/wp-content\/uploads\/2020\/03\/Cortecs_20_Argumentaires_moisis.pdf\"><strong>20 argumentaires moisis<\/strong><\/a><br \/>\n_<a href=\"https:\/\/old.libradio.org\/wp-content\/uploads\/2020\/03\/codex-biais-cognitifs.pdf\"><strong>Codex des biais cognitifs<\/strong><\/a><br \/>\n_<a href=\"https:\/\/old.libradio.org\/wp-content\/uploads\/2020\/03\/CorteX_Indice_Moisissures-24pages.pdf\"><strong>CorteX. Indice des moisissures<\/strong><\/a><br \/>\n&nbsp;<br \/>\nLibrAdio c&rsquo;est une radio mobile. Une radio itin\u00e9rante pour aller tout au fond des choses. L\u00e0 ou se cachent des paroles dissimul\u00e9es et\/ou bannies; des recoins laiss\u00e9s \u00e0 l&rsquo;abandon par choix ou \u00e0 dessein.<br \/>\n&nbsp;<br \/>\nLibrAdio c&rsquo;est un m\u00e9dia participatif. D&rsquo;aucuns qui souhaite prendre la parole est le\/la bienvenuE. Il suffit de nous faire un message ad hoc. LibrAdio c&rsquo;est un m\u00e9dia critique; parce que l&rsquo;on sait les errements et les errances des m\u00e9dias privatis\u00e9s et leurs collusions tristes.<a href=\"https:\/\/old.libradio.org\/wp-content\/uploads\/2014\/08\/radioJ.png\"><img decoding=\"async\" loading=\"lazy\" class=\"alignright size-medium wp-image-611\" src=\"https:\/\/old.libradio.org\/wp-content\/uploads\/2014\/08\/radioJ-201x300.png\" alt=\"radioJ\" width=\"201\" height=\"300\" srcset=\"https:\/\/old.libradio.org\/wp-content\/uploads\/2014\/08\/radioJ-201x300.png 201w, https:\/\/old.libradio.org\/wp-content\/uploads\/2014\/08\/radioJ.png 517w\" sizes=\"(max-width: 201px) 100vw, 201px\" \/><\/a><br \/>\n&nbsp;<br \/>\nLibrAdio c&rsquo;est \u00e9galement un \u00e9tat d&rsquo;esprit et une \u00e9thique. Point de verticalit\u00e9s en notre sein. Point \u00e9galement de ligne \u00e9ditoriale ou de censure d&rsquo;appareil. Seuls les principes d&rsquo;autogestion ont cours.<br \/>\n\u00ab\u00a0<strong>Tout pouvoir est maudit. La hi\u00e9rarchie c&rsquo;est la peste, la domination le chol\u00e9ra.<\/strong>\u00a0\u00bb<br \/>\nPour toutes suggestions d&rsquo;interventions, pour toutes propositions de lieux \u00e0 investir, pour tout, partout et toujours: libradio@libradio.org<\/p>\n<hr>\n<p><strong>(*)Version int\u00e9grale &#8211; LibrAdio, une radio mobile, un m\u00e9dia critique.<\/strong><br \/>\n&nbsp;<br \/>\nUne radio d&rsquo;inspiration libertaire, et en autogestion. Itin\u00e9rante, hors-murs, hors-pistes et hors contr\u00f4le. Pour aller au fonds des choses. Pour porter le coup l\u00e0 o\u00f9 personne ne va gu\u00e8re plus, r\u00e9duit et ceint, puisque partout c&rsquo;est domination et capitalisme. Libradio d\u00e9cha\u00eene et d\u00e9boulonne.<br \/>\n&nbsp;<br \/>\nDes toits en friches, aux caves \u00e0 l&rsquo;abandon, des coins interlopes aux espaces suspects\u00a0: tels des Ma\u00efakovsky, Medvekine ou Garcia-Lorca\u00a0; c&rsquo;est de parcourir, errer, explorer et exp\u00e9rimenter, recouvrer et reconqu\u00e9rir des espaces et des temps \u00e9mancip\u00e9s, que Libradio prend son \u00e9lan!<br \/>\n&nbsp;<br \/>\nContre-informations, surgissements spontan\u00e9s, mises en r\u00e9seaux, \u00e9changes et t\u00e9moignages de la soci\u00e9t\u00e9 civile et engag\u00e9e\u00a0; bien entendu aucune publicit\u00e9 pour une ind\u00e9pendance de fait et farouche. Des contenus et des contenants singuliers et inattendus, Libradio\u00a0: la radio qui te cherche d\u00e9j\u00e0\u00a0!<br \/>\n&nbsp;<br \/>\nLibradio un m\u00e9dia indispensable et ind\u00e9pendant, de la radio libre, parce que dans le vertige actuel de la d\u00e9sinformation pr\u00e9gnante, il est urgent de dire leur fait aux caciques du vain mot!<br \/>\n&nbsp;<br \/>\nDes \u00e9missions en direct et en public. Libradio; le m\u00e9dia qui te donne \u00e0 dire et \u00e0 entendre!<br \/>\n&nbsp;<br \/>\nLibrAdio va l\u00e0 ou se cachent des paroles dissimul\u00e9es et\/ou bannies; des recoins laiss\u00e9s \u00e0 l\u2019abandon par choix ou \u00e0 dessein. De, par et avec toi, des \u00e9missions publiques certes, mais pas que. Lectures incandescentes, sayn\u00e8tes lib\u00e9ratoires, ateliers et DIY, l&rsquo;on livre en comptant et sans conter.<\/p>\n<hr>\n<p>LibrAdio est un m\u00e9dia participatif. ChacunE y est la-e bienvenuE.<br \/>\n&nbsp;<br \/>\nLibrAdio, un m\u00e9dia critique; parce que l\u2019on sait les errements et les errances des m\u00e9dias privatis\u00e9s et leurs collusions tristes. Un m\u00e9dia de masse critique, car il postule d&rsquo;en \u00eatre, des convergences des luttes, des r\u00e9flexions et r\u00e9fections micro-globales et imm\u00e9diates.<br \/>\n&nbsp;<br \/>\nLibrAdio c\u2019est \u00e9galement un \u00e9tat d\u2019esprit et une \u00e9thique. Point de verticalit\u00e9s en notre sein. Point \u00e9galement de ligne \u00e9ditoriale ou de censure d\u2019appareil. Seuls les principes d\u2019autogestion ont cours.<br \/>\n&nbsp;<br \/>\nTout pouvoir est maudit. La hi\u00e9rarchie c\u2019est la peste, la domination le chol\u00e9ra.<\/p>\n<hr>\n<p>LibrAdio c&rsquo;est de la radio pour dire et pas que. C&rsquo;est le mot de travers qui rend \u00e0 gorge d\u00e9ploy\u00e9e. . C&rsquo;est ravale ou ravage et c\u00a0\u00bbest dit\u00a0: ici tout est ill\u00e9gal, immoral et fait grossir. Bienvenue dans ta maison, on a pendu le proprio. Pour toutes suggestions d\u2019interventions, pour toutes propositions de lieux \u00e0 investir: libradio@libradio.org<br \/>\n&nbsp;<br \/>\nAuditheureux\/Ses Libradio, c&rsquo;est la radio qui muscle l&rsquo;oreille et le cortex. L&rsquo;onde de choc qui d\u00e9met les factions et d\u00e9ment les assertions. Libradio l&rsquo;onde qui fouisse et qui d\u00e9busque, le choc qui renverse et qui d\u00e9monte&#8230;Libradio canal habituel\u00a0c&rsquo;est la radio de la myrthe et du maquis.<br \/>\n&nbsp;<br \/>\nRejoins la vague, \u00e9cume les jours\u00a0et surgit l&rsquo;onde\u00a0; ta maison est partout. Rejoins les b\u00e2tiseurEs du quotidien! Et pourvu que le vieux monde s\u2019effondre. Nos constructions si t\u00e9nues soient-elles sauront prot\u00e9ger les \u00e9lans de nos amiti\u00e9s suspectes et s\u00e9ditieuses. Une belle maison ne na\u00eet pas scell\u00e9e de b\u00e9ton. Elle \u00e9clot des bruissements bienveillants de la temp\u00eate qui vient.<\/p>\n<hr>\n<p>&nbsp;<br \/>\n<strong>LibrAdio\/Charte<\/strong><br \/>\n&nbsp;<br \/>\nDisponible \u00e0 qui de droit; La Charte de LibrAdio, fixe \u00ab\u00a0officiellement\u00a0\u00bb sa position.\u00a0Celle-ci reprend ce qui est \u00e9nonc\u00e9 plus haut, sous la forme d&rsquo;une anaphore, dans le d\u00e9sir de clart\u00e9 qui nous consume.<\/p>\n<p align=\"CENTER\">LibrAdio-Charte<\/span><\/p>\n<p align=\"CENTER\"><strong>Libradio\/M\u00e9dia mobile-Radio critique<\/span><\/strong><\/p>\n<p><font color=\"qq88qq\"><\/p>\n<ul>\n<li><font-size: medium;\">Libradio est une association sans but lucratif sise \u00e0 Gen\u00e8ve dont le dessein est de cr\u00e9er une \u00ab\u00a0radio libre\u00a0\u00bb aux sens suivants.<\/span><\/strong><\/li>\n<li>LibrAdio c\u2019est une radio mobile. Une radio itin\u00e9rante pour aller tout au fond des choses. L\u00e0 ou se cachent des paroles dissimul\u00e9es et\/ou bannies; des recoins laiss\u00e9s \u00e0 l\u2019abandon par choix ou \u00e0 dessein. D\u00e8s lors toutes suggestions seront \u00e9tudi\u00e9es.<\/span><\/li>\n<li>LibrAdio c\u2019est un m\u00e9dia participatif. D\u2019aucunE qui souhaite prendre la parole est le\/la bienvenuE. Il suffit de nous faire un message ad hoc, dans les d\u00e9lais convenus.<\/span><\/li>\n<li>LibrAdio c\u2019est un m\u00e9dia critique; parce que l\u2019on sait les errements et les errances des m\u00e9dias privatis\u00e9s et leurs collusions tristes.<\/span><\/li>\n<li>LibrAdio c\u2019est \u00e9galement un \u00e9tat d\u2019esprit et une \u00e9thique. Point de verticalit\u00e9s en notre sein. Point \u00e9galement de ligne \u00e9ditoriale ou de censure d\u2019appareil. Seuls les principes d\u2019autogestion ont cours. Les d\u00e9cisions sont prises au consensus unanime des collaborantEs.<\/span><\/li>\n<li>LibrAdio c&rsquo;est aussi de la contre-information sans publicit\u00e9. L&rsquo;ind\u00e9pendance farouche op\u00e8re un angle singulier quant aux modalit\u00e9s du traitement des programmes en g\u00e9n\u00e9ral et de l&rsquo;information en particulier.<\/span><\/li>\n<li>Libradio fonctionne en qualit\u00e9 \u00ab\u00a0DIY\u00a0\u00bb\u00a0:<\/span><i style=\"color: #141412; font-size: medium;\"> do it yourself. <\/i>Il s&rsquo;agit de favoriser l&rsquo;autoformation tant pour les collaborantEs que le partage des savoirs vers l&rsquo;allocutaire. Des \u00e9missions publiques ont cours \u00e0 l&rsquo;instar de pr\u00e9sentations et\/ou ateliers lorsque cela est possible.<\/span><\/li>\n<\/ul>\n<p>Les actuelLEs et futurEs collaborantEs ainsi que les membres de l&rsquo;association souscrivent librement aux valeurs \u00e9nonc\u00e9es ci-dessus en adh\u00e9rant \u00e0 LibrAdio. Leur pratique est imm\u00e9diatement engag\u00e9e.<\/span><br \/>\n&nbsp;<br \/>\nTout pouvoir est maudit. La hi\u00e9rarchie c\u2019est la peste, la domination le chol\u00e9ra.<\/span><br \/>\n&nbsp;<br \/>\n&nbsp;<br \/>\n&nbsp;<\/p>\n","protected":false},"excerpt":{"rendered":"<p>Constitution f\u00e9d\u00e9rale de la Conf\u00e9d\u00e9ration suisse du 18 avril 1999 (Etat le 1er janvier 2018) Art. 17 Libert\u00e9 des m\u00e9dias 1| La libert\u00e9 de la presse, de la radio et de la t\u00e9l\u00e9vision, ainsi que des autres formes de diffusion de productions et d&rsquo;informations ressortissant aux t\u00e9l\u00e9communications publiques est garantie. 2| La censure est interdite. [&hellip;]<\/p>\n","protected":false},"author":1,"featured_media":0,"parent":3659,"menu_order":3,"comment_status":"open","ping_status":"closed","template":"","meta":[],"_links":{"self":[{"href":"https:\/\/old.libradio.org\/index.php?rest_route=\/wp\/v2\/pages\/2"}],"collection":[{"href":"https:\/\/old.libradio.org\/index.php?rest_route=\/wp\/v2\/pages"}],"about":[{"href":"https:\/\/old.libradio.org\/index.php?rest_route=\/wp\/v2\/types\/page"}],"author":[{"embeddable":true,"href":"https:\/\/old.libradio.org\/index.php?rest_route=\/wp\/v2\/users\/1"}],"replies":[{"embeddable":true,"href":"https:\/\/old.libradio.org\/index.php?rest_route=%2Fwp%2Fv2%2Fcomments&post=2"}],"version-history":[{"count":46,"href":"https:\/\/old.libradio.org\/index.php?rest_route=\/wp\/v2\/pages\/2\/revisions"}],"predecessor-version":[{"id":12446,"href":"https:\/\/old.libradio.org\/index.php?rest_route=\/wp\/v2\/pages\/2\/revisions\/12446"}],"up":[{"embeddable":true,"href":"https:\/\/old.libradio.org\/index.php?rest_route=\/wp\/v2\/pages\/3659"}],"wp:attachment":[{"href":"https:\/\/old.libradio.org\/index.php?rest_route=%2Fwp%2Fv2%2Fmedia&parent=2"}],"curies":[{"name":"wp","href":"https:\/\/api.w.org\/{rel}","templated":true}]}}