{"id":2263,"date":"2016-06-17T23:28:02","date_gmt":"2016-06-17T22:28:02","guid":{"rendered":"http:\/\/old.libradio.org\/?page_id=2263"},"modified":"2018-04-27T00:29:58","modified_gmt":"2018-04-26T23:29:58","slug":"austerite","status":"publish","type":"page","link":"https:\/\/old.libradio.org\/?page_id=2263","title":{"rendered":"Radio Contr&rsquo;Aust\u00e9rit\u00e9"},"content":{"rendered":"<p>&nbsp;<\/p>\n<hr>\n<p>09.04.2018<br \/>\n\u00ab\u00a0Combattons la pr\u00e9carit\u00e9, sans nous laisser diviser\u00a0\u00bb. C&rsquo;est avec ce double objectif que la Communaut\u00e9 genevoise d&rsquo;action syndicale (CGAS), par la voix de sa pr\u00e9sidente Manuella Cattani. annonce le lancement d&rsquo;une initiative populaire cantonale pour instaurer un salaire minimum l\u00e9gal de 23.- de l&rsquo;heure \u00e0 Gen\u00e8ve. <strong><a href=\"http:\/\/audioblog.arteradio.com\/post\/3084936\/_23_frs__c_est_un_minimum__\/\" rel=\"noopener\" target=\"_blank\">PODCAST<\/a><\/strong>.<br \/>\nInfos et contacts: www.salaireminimum.ch<\/p>\n<hr>\n<p>&nbsp;<br \/>\n21.01.2017|Derni\u00e8re d\u00e9p\u00eache<br \/>\nMobilisations contre la RIE3 \u00e0 venir<\/p>\n<hr>\n<p><strong>Flash Mob \u2013 invitation<\/strong><br \/>\nMercredi 25 janvier, rendez-vous \u00e0 12h15 \u00e0 Rive!<br \/>\nVenez nombreuses et nombreux! Avec enfants, amis et coll\u00e8gues!<br \/>\nMerci de faire circuler ce message dans vos r\u00e9seaux! <\/p>\n<li>500 millions de pertes annuelles pour Gen\u00e8ve, dont 100 millions pour les communes.<\/li>\n<li>Des budgets bloqu\u00e9s pendant 5 ans au moins<\/li>\n<li>Des cadeaux aux actionnaires<\/li>\n<li>Des coupes dans le social depuis plusieurs ann\u00e9es<\/li>\n<p>&nbsp;<br \/>\nLa Rie3 bonne pour les services publics ? la RIE3 bonne pour la population ? La Rie3 \u00e9quilibr\u00e9e ?<br \/>\nLe secteur social des syndicats SIT et SSP vous invite \u00e0 participer \u00e0 une flash mob&rsquo; illustrant les r\u00e9sultats \u00e9ventuels futurs de la RIE3 le :<br \/>\n&nbsp;<br \/>\nQuelques liens utiles:<\/p>\n<li>https:\/\/www.facebook.com\/rie3non\/?fref=ts<\/li>\n<li>www.rie3non.ch<\/li>\n<li>http:\/\/sspge.ch\/spip.php?rubrique150<\/li>\n<li>http:\/\/www.sit-syndicat.ch\/spip\/spip.php?rubrique133<\/li>\n<li>http:\/\/referendum-rie3-ge.ch<\/li>\n<p>&nbsp;<\/p>\n<hr>\n<p><strong>19.01.2017|<br \/>\nLancement de la campagne: \u00ab\u00a0Non \u00e0 la R.I.E. III, la troisi\u00e8me r\u00e9forme de l&rsquo;imposition sur les entreprise, abusivement ainsi nomm\u00e9e.<\/strong><br \/>\n&nbsp;<br \/>\nEnsemble \u00e0 Gauche et Solidarit\u00e9 depuis le Caf\u00e9 Gavroche \u00e0 Gen\u00e8ve, lancent la campagne contre le blanc seing d\u00e9finitif sonn\u00e9e aux tr\u00e8s grandes entreprises, nuisibles parmi les nuisibles.<br \/>\nPablo Cruchon et Jean Batou, membres de Solidarit\u00e9, d\u00e9cryptent la praxis absconse des Ultras capitalistes.<br \/>\n&nbsp;<br \/>\n<a href=\"http:\/\/audioblog.arteradio.com\/post\/3075634\/lancement_campagne_non-r_i_e_iiip_1\/\" target=\"_blank\"><strong>1Partie<\/strong><\/a>, 25&prime; pr\u00e9sentation et argumentaire<br \/>\n<a href=\"http:\/\/audioblog.arteradio.com\/post\/3075635\/lancement_campagne_non-r_i_e_iiip_2\/\" target=\"_blank\"><strong>2Partie<\/strong><\/a>, 35&prime; questions-r\u00e9ponses avec la salle.<br \/>\n&nbsp;<\/p>\n<hr>\n<p>D\u00e9p\u00eache du 24.12.2017|N\u00e9m\u00e9sis versus R.I.E. III.<\/p>\n<p>Le Collectif \u00ab\u00a0Votons NON \u00e0 la R.i.E. III d\u00e9crypte les enjeux et les cons\u00e9quences du vote du 12 f\u00e9vrier. 3\u00e8me r\u00e9forme de l&rsquo;imposition des entreprises ou de la cons\u00e9cration de la domination ultra-capitalistes.., au d\u00e9triment de qui? <a href=\"http:\/\/audioblog.arteradio.com\/post\/3075602\/nemesis_versus_r_i_e__iii__decryptage__\/\" target=\"_blank\"><strong>PARTIE<\/strong><\/a> unique, 55&prime;.<br \/>\n&nbsp;<\/p>\n<hr>\n<p>D\u00e9p\u00eache du 26.11.2016<br \/>\nJean Burgenmeister de Solidarit\u00e9 Jeunes, revient sur l&rsquo;actualit\u00e9 anti-aust\u00e9rit\u00e9 et pas que.<a href=\"https:\/\/www.mixcloud.com\/LibrAdio\/solidarit%C3%A9-jeune\/\" target=\"_blank\"><strong>ICI<\/strong><\/a>.<br \/>\n&nbsp;<\/p>\n<hr>\n<p>&nbsp;<br \/>\n10 septembre Manifestation \u00e0 Berne. Contre l&rsquo;aust\u00e9rit\u00e9 [lire ci-dessous]. La CGAS-Communaut\u00e9 genevoise d&rsquo;action syndicale, appelle \u00e0 manifester \u00e0 Berne,le 10 septembre 2016. [<a href=\"http:\/\/www.cgas.ch\/SPIP\/\" target=\"_blank\"><strong>www.cgas.ch<\/strong><\/a>] <\/p>\n<hr>\n<p>&nbsp;<br \/>\nNous cherchons tant \u00e0 quitter l&rsquo;inertie ou l&rsquo;incurie critique des m\u00e9dias usuels que de relayer et accompagner celles et ceux qui luttent contre un ph\u00e9nom\u00e8ne qui tient plus du croque-mitaine que du champ rationnel. Prends le temps de lire ces lignes et surtout de te documenter hors des litanies ressass\u00e9es pas les m\u00e9dias de masse, courroies de transmission objectives des caciques et potentats aux commandes c\u00e9ans.<br \/>\n&nbsp;<br \/>\nCette page recense nos captations radiophoniques quant \u00e0 la probl\u00e9matique li\u00e9e \u00e0 l&rsquo;Aust\u00e9rit\u00e9. De nombreux podcast sont encore en cours de montage. L&rsquo;\u00e9quipe r\u00e9duite et hors-salariat le fait au mieux de son potentiel.<br \/>\n&nbsp;<br \/>\n<center><a href=\"https:\/\/old.libradio.org\/wp-content\/uploads\/2016\/06\/2016-09-10cgas.pdf\"><strong>ManifNationale10.11<\/strong><\/a><br \/>\n<a href=\"https:\/\/old.libradio.org\/wp-content\/uploads\/2016\/06\/Cgasmanif1.png\"><img decoding=\"async\" loading=\"lazy\" src=\"https:\/\/old.libradio.org\/wp-content\/uploads\/2016\/06\/Cgasmanif1.png\" alt=\"Cgasmanif1\" width=\"432\" height=\"626\" class=\"aligncenter size-full wp-image-2454\" srcset=\"https:\/\/old.libradio.org\/wp-content\/uploads\/2016\/06\/Cgasmanif1.png 432w, https:\/\/old.libradio.org\/wp-content\/uploads\/2016\/06\/Cgasmanif1-207x300.png 207w\" sizes=\"(max-width: 432px) 100vw, 432px\" \/><\/a><\/center><br \/>\n&nbsp;<br \/>\nA librAdio l&rsquo;on \u00e9coute beaucoup. L&rsquo;on parle pas mal et on lit un peu. Mais surtout l&rsquo;on confronte des sources multiples et contradictoires. L&rsquo;on prend le temps de distanciation critique. Puis l&rsquo;on relaye les engagements, les luttes et les mobilisations. L&rsquo;on arpente en somme, les pistes de la ma\u00efeutique. Et il se trouve que, chemins faisant, l&rsquo;on rencontre des personnes, des id\u00e9es mais \u00e9galement des vacuit\u00e9s, des instrumentalisations et des biaisement&#8230;<\/p>\n<hr>\n<p>Parmi ce que l&rsquo;on retient de regrettable le long de nos \u00e9tapes, c&rsquo;est l&rsquo;enfumage. Pr\u00e9cis\u00e9ment <strong>LES<\/strong> enfumages patents et pr\u00e9gnants; \u00e9quidistant du soporifique-l\u00e9nifiant-pontifiant tout \u00e7a d&rsquo;un bloc et des fractures- isolements-stigmatisations-discordes et dissensions, de l&rsquo;autre.<br \/>\n&nbsp;<br \/>\nC&rsquo;est pourquoi ici, l&rsquo;on soumet \u00e0 ton libre arbitre quelques outils suppl\u00e9mentaires propres \u00e0 te forger une \u00e9bauche d&rsquo;opinion, et surtout \u00e0 \u00e9veiller ta curiosit\u00e9 pour toujours chercher plus loin. Aux choix (r\u00e9ductions) s\u00e9mantiques qui s&rsquo;op\u00e8rent \u00e0 leur reconduction \u00e0 l&rsquo;envi, au point de devenir des mantras narcotiques, il est urgent et essentiel d&rsquo;adopter une grille de lecture analytique, critique; dialectique.<br \/>\n&nbsp;<br \/>\nDes mots sonnent tels des sentences. Des adjectifs d\u00e9mettent toutes options. Des adverbes raisonnent tels des injonctions. Lorsque l&rsquo;on distribue les r\u00f4les, l&rsquo;on \u00e9conduit la contradiction et l&rsquo;on banni la r\u00e9flexion. Parmi ces mot, en voici un. Un mot \u00e9tendard, une coquille vide. \u00ab\u00a0<strong>Aust\u00e9rit\u00e9<\/strong>\u00ab\u00a0. C&rsquo;est tout un programme qui se dessine en palimpseste. Une avalanche qui emporte tout.<br \/>\n&nbsp;<br \/>\nInextinguible, incontestable. L&rsquo;ordre est donn\u00e9: la r\u00e9cr\u00e9ation est termin\u00e9e. L&rsquo;on substitue mot pour mot, l&rsquo;on op\u00e8re une bascule dans le raccourci, l&rsquo;imm\u00e9diat; l&rsquo;\u00e9motionnel non distanci\u00e9.<br \/>\n&nbsp;<br \/>\nEt quiconque par une singuli\u00e8re audace, contreviendrait \u00e0 la doxa, serait imm\u00e9diatement au mieux moqu\u00e9 ou pire, criminalis\u00e9, psychiatris\u00e9. L&rsquo;on revendique ici La Reconquista (!) du champ lexical et du sens. la critique tous azimuts du monde qui nous encercle. La z\u00e9t\u00e9tique radicale de la doctrine, du dogme, de l&rsquo;orthodoxie dont on perfuse et serine nos esprits. Voil\u00e0 ce que l&rsquo;on entend par enfumageS. Voil\u00e0 ce que l&rsquo;on pr\u00e9tend op\u00e9rer. <strong>Aust\u00e9rit\u00e9, quid!? <\/strong><\/p>\n<p>&nbsp;<br \/>\n&nbsp;<br \/>\nIci le compte rendu du Jeudi 07 juillet 2016 11h. Rassemblement \u00e0 l&rsquo;occasion de la remise des signatures pour le retrait de la mesure de doublement de recherche d&#8217;emploi mensuelle. Place du Bourg-de-Four, devant la fontaine. <a href=\"http:\/\/www.cgas.ch\/SPIP\/spip.php?article3181\" target=\"_blank\"><strong>ICI<\/strong><\/a>.<\/p>\n<hr>\n<p>&nbsp;<br \/>\n&nbsp;<br \/>\nL&rsquo;aust\u00e9rit\u00e9.<br \/>\nVaste sujet. Entre imposture \u00e0 grande \u00e9chelle et mystification \u00e0 large spectre, l&rsquo;on entend les insistances pour le moins suspectes, l&rsquo;on assiste aux gesticulations aux ratiocinations \u00e0 sati\u00e9t\u00e9, comme si d&rsquo;inonder les canaux emp\u00eache de s&rsquo;en d\u00e9tourner ou d&rsquo;aller contre-courant.<br \/>\n&nbsp; <\/p>\n<li>Cette rubrique t&rsquo;invite avant tout \u00e0 te forger une opinion. Critique et singuli\u00e8re dans l&rsquo;exercice du libre arbitre \u00e9clair\u00e9. Et une opinion ne se b\u00e2ti qu&rsquo;avec des outils ad\u00e9quats, dont on se dote ind\u00e9pendamment des injonctions d&rsquo;autrui, qui en \u00e9moussent le fil.<\/li>\n<p>&nbsp; <\/p>\n<li>Parmi les sujet incandescent, tu trouveras ci-dessous des podcast et des chroniques; des liens et des ressources quant aux arguments suivants. Et tiens compte que cette page n&rsquo;est pas exhaustive. Qu&rsquo;elle est en perp\u00e9tuelle \u00e9volution et qu&rsquo;elle t&rsquo;invite, encore, \u00e0 nous dire tes suggestions.<\/li>\n<p><center><strong>[info@libradio.org]<\/strong><\/center><\/p>\n<hr>\n<p><strong>RIE III. R\u00e9forme III de l\u2019imposition des entreprises<\/strong><\/p>\n<ul>\nIntervention lors de l\u2019assembl\u00e9e publique du Mouvement vers la R\u00e9volution Citoyenne. Par Eric Decarro.<br \/>\n<a href=\"http:\/\/www.travail-et-salariat.org\/spip\/spip.php?article60\" target=\"_blank\"><strong>travail et salariat<\/strong><\/a><\/ul>\n<hr>\n<ol>\nCh\u00f4mage. P\u00e9tition urgente et agenda des piquets de r\u00e9coltes de signatures contre le doublement du nombre de recherches mensuelles: <a href=\"https:\/\/old.libradio.org\/wp-content\/uploads\/2016\/06\/2016-06-16REYMOND-Claude_2016-06-16cgas-1.pdf\"><strong>ICI.<\/strong><\/a><\/ol>\n<hr>\n<ul>\nSTOP TISA\/page d\u00e9di\u00e9e: <a href=\"https:\/\/old.libradio.org\/?p=2177\" target=\"_blank\"><strong>ICI<\/strong><\/a>.<\/ul>\n<hr>\n<ul>\nR.B.I.\/page d\u00e9di\u00e9e: <a href=\"https:\/\/old.libradio.org\/?p=2093\" target=\"_blank\"><strong>ICI<\/strong><\/a>.<\/ul>\n<p>&nbsp;<br \/>\n&nbsp;<br \/>\n&nbsp; <\/p>\n","protected":false},"excerpt":{"rendered":"<p>&nbsp; 09.04.2018 \u00ab\u00a0Combattons la pr\u00e9carit\u00e9, sans nous laisser diviser\u00a0\u00bb. C&rsquo;est avec ce double objectif que la Communaut\u00e9 genevoise d&rsquo;action syndicale (CGAS), par la voix de sa pr\u00e9sidente Manuella Cattani. annonce le lancement d&rsquo;une initiative populaire cantonale pour instaurer un salaire minimum l\u00e9gal de 23.- de l&rsquo;heure \u00e0 Gen\u00e8ve. PODCAST. Infos et contacts: www.salaireminimum.ch &nbsp; 21.01.2017|Derni\u00e8re [&hellip;]<\/p>\n","protected":false},"author":2,"featured_media":0,"parent":3689,"menu_order":9,"comment_status":"open","ping_status":"open","template":"","meta":[],"_links":{"self":[{"href":"https:\/\/old.libradio.org\/index.php?rest_route=\/wp\/v2\/pages\/2263"}],"collection":[{"href":"https:\/\/old.libradio.org\/index.php?rest_route=\/wp\/v2\/pages"}],"about":[{"href":"https:\/\/old.libradio.org\/index.php?rest_route=\/wp\/v2\/types\/page"}],"author":[{"embeddable":true,"href":"https:\/\/old.libradio.org\/index.php?rest_route=\/wp\/v2\/users\/2"}],"replies":[{"embeddable":true,"href":"https:\/\/old.libradio.org\/index.php?rest_route=%2Fwp%2Fv2%2Fcomments&post=2263"}],"version-history":[{"count":47,"href":"https:\/\/old.libradio.org\/index.php?rest_route=\/wp\/v2\/pages\/2263\/revisions"}],"predecessor-version":[{"id":4022,"href":"https:\/\/old.libradio.org\/index.php?rest_route=\/wp\/v2\/pages\/2263\/revisions\/4022"}],"up":[{"embeddable":true,"href":"https:\/\/old.libradio.org\/index.php?rest_route=\/wp\/v2\/pages\/3689"}],"wp:attachment":[{"href":"https:\/\/old.libradio.org\/index.php?rest_route=%2Fwp%2Fv2%2Fmedia&parent=2263"}],"curies":[{"name":"wp","href":"https:\/\/api.w.org\/{rel}","templated":true}]}}

Radio Contr&rsquo;Austérité

<p>&nbsp;</p>
<hr>
<p>09.04.2018<br />
« Combattons la précarité, sans nous laisser diviser ». C&rsquo;est avec ce double objectif que la Communauté genevoise d&rsquo;action syndicale (CGAS), par la voix de sa présidente Manuella Cattani. annonce le lancement d&rsquo;une initiative populaire cantonale pour instaurer un salaire minimum légal de 23.- de l&rsquo;heure à Genève. <strong><a href="http://audioblog.arteradio.com/post/3084936/_23_frs__c_est_un_minimum__/" rel="noopener" target="_blank">PODCAST</a></strong>.<br />
Infos et contacts: www.salaireminimum.ch</p>
<hr>
<p>&nbsp;<br />
21.01.2017|Dernière dépêche<br />
Mobilisations contre la RIE3 à venir</p>
<hr>
<p><strong>Flash Mob – invitation</strong><br />
Mercredi 25 janvier, rendez-vous à 12h15 à Rive!<br />
Venez nombreuses et nombreux! Avec enfants, amis et collègues!<br />
Merci de faire circuler ce message dans vos réseaux! </p>
<li>500 millions de pertes annuelles pour Genève, dont 100 millions pour les communes.</li>
<li>Des budgets bloqués pendant 5 ans au moins</li>
<li>Des cadeaux aux actionnaires</li>
<li>Des coupes dans le social depuis plusieurs années</li>
<p>&nbsp;<br />
La Rie3 bonne pour les services publics ? la RIE3 bonne pour la population ? La Rie3 équilibrée ?<br />
Le secteur social des syndicats SIT et SSP vous invite à participer à une flash mob&rsquo; illustrant les résultats éventuels futurs de la RIE3 le :<br />
&nbsp;<br />
Quelques liens utiles:</p>
<li>https://www.facebook.com/rie3non/?fref=ts</li>
<li>www.rie3non.ch</li>
<li>http://sspge.ch/spip.php?rubrique150</li>
<li>http://www.sit-syndicat.ch/spip/spip.php?rubrique133</li>
<li>http://referendum-rie3-ge.ch</li>
<p>&nbsp;</p>
<hr>
<p><strong>19.01.2017|<br />
Lancement de la campagne: « Non à la R.I.E. III, la troisième réforme de l&rsquo;imposition sur les entreprise, abusivement ainsi nommée.</strong><br />
&nbsp;<br />
Ensemble à Gauche et Solidarité depuis le Café Gavroche à Genève, lancent la campagne contre le blanc seing définitif sonnée aux très grandes entreprises, nuisibles parmi les nuisibles.<br />
Pablo Cruchon et Jean Batou, membres de Solidarité, décryptent la praxis absconse des Ultras capitalistes.<br />
&nbsp;<br />
<a href="http://audioblog.arteradio.com/post/3075634/lancement_campagne_non-r_i_e_iiip_1/" target="_blank"><strong>1Partie</strong></a>, 25&prime; présentation et argumentaire<br />
<a href="http://audioblog.arteradio.com/post/3075635/lancement_campagne_non-r_i_e_iiip_2/" target="_blank"><strong>2Partie</strong></a>, 35&prime; questions-réponses avec la salle.<br />
&nbsp;</p>
<hr>
<p>Dépêche du 24.12.2017|Némésis versus R.I.E. III.</p>
<p>Le Collectif « Votons NON à la R.i.E. III décrypte les enjeux et les conséquences du vote du 12 février. 3ème réforme de l&rsquo;imposition des entreprises ou de la consécration de la domination ultra-capitalistes.., au détriment de qui? <a href="http://audioblog.arteradio.com/post/3075602/nemesis_versus_r_i_e__iii__decryptage__/" target="_blank"><strong>PARTIE</strong></a> unique, 55&prime;.<br />
&nbsp;</p>
<hr>
<p>Dépêche du 26.11.2016<br />
Jean Burgenmeister de Solidarité Jeunes, revient sur l&rsquo;actualité anti-austérité et pas que.<a href="https://www.mixcloud.com/LibrAdio/solidarit%C3%A9-jeune/" target="_blank"><strong>ICI</strong></a>.<br />
&nbsp;</p>
<hr>
<p>&nbsp;<br />
10 septembre Manifestation à Berne. Contre l&rsquo;austérité [lire ci-dessous]. La CGAS-Communauté genevoise d&rsquo;action syndicale, appelle à manifester à Berne,le 10 septembre 2016. [<a href="http://www.cgas.ch/SPIP/" target="_blank"><strong>www.cgas.ch</strong></a>] </p>
<hr>
<p>&nbsp;<br />
Nous cherchons tant à quitter l&rsquo;inertie ou l&rsquo;incurie critique des médias usuels que de relayer et accompagner celles et ceux qui luttent contre un phénomène qui tient plus du croque-mitaine que du champ rationnel. Prends le temps de lire ces lignes et surtout de te documenter hors des litanies ressassées pas les médias de masse, courroies de transmission objectives des caciques et potentats aux commandes céans.<br />
&nbsp;<br />
Cette page recense nos captations radiophoniques quant à la problématique liée à l&rsquo;Austérité. De nombreux podcast sont encore en cours de montage. L&rsquo;équipe réduite et hors-salariat le fait au mieux de son potentiel.<br />
&nbsp;<br />
<center><a href="https://old.libradio.org/wp-content/uploads/2016/06/2016-09-10cgas.pdf"><strong>ManifNationale10.11</strong></a><br />
<a href="https://old.libradio.org/wp-content/uploads/2016/06/Cgasmanif1.png"><img decoding="async" loading="lazy" src="https://old.libradio.org/wp-content/uploads/2016/06/Cgasmanif1.png" alt="Cgasmanif1" width="432" height="626" class="aligncenter size-full wp-image-2454" srcset="https://old.libradio.org/wp-content/uploads/2016/06/Cgasmanif1.png 432w, https://old.libradio.org/wp-content/uploads/2016/06/Cgasmanif1-207x300.png 207w" sizes="(max-width: 432px) 100vw, 432px" /></a></center><br />
&nbsp;<br />
A librAdio l&rsquo;on écoute beaucoup. L&rsquo;on parle pas mal et on lit un peu. Mais surtout l&rsquo;on confronte des sources multiples et contradictoires. L&rsquo;on prend le temps de distanciation critique. Puis l&rsquo;on relaye les engagements, les luttes et les mobilisations. L&rsquo;on arpente en somme, les pistes de la maïeutique. Et il se trouve que, chemins faisant, l&rsquo;on rencontre des personnes, des idées mais également des vacuités, des instrumentalisations et des biaisement&#8230;</p>
<hr>
<p>Parmi ce que l&rsquo;on retient de regrettable le long de nos étapes, c&rsquo;est l&rsquo;enfumage. Précisément <strong>LES</strong> enfumages patents et prégnants; équidistant du soporifique-lénifiant-pontifiant tout ça d&rsquo;un bloc et des fractures- isolements-stigmatisations-discordes et dissensions, de l&rsquo;autre.<br />
&nbsp;<br />
C&rsquo;est pourquoi ici, l&rsquo;on soumet à ton libre arbitre quelques outils supplémentaires propres à te forger une ébauche d&rsquo;opinion, et surtout à éveiller ta curiosité pour toujours chercher plus loin. Aux choix (réductions) sémantiques qui s&rsquo;opèrent à leur reconduction à l&rsquo;envi, au point de devenir des mantras narcotiques, il est urgent et essentiel d&rsquo;adopter une grille de lecture analytique, critique; dialectique.<br />
&nbsp;<br />
Des mots sonnent tels des sentences. Des adjectifs démettent toutes options. Des adverbes raisonnent tels des injonctions. Lorsque l&rsquo;on distribue les rôles, l&rsquo;on éconduit la contradiction et l&rsquo;on banni la réflexion. Parmi ces mot, en voici un. Un mot étendard, une coquille vide. « <strong>Austérité</strong>« . C&rsquo;est tout un programme qui se dessine en palimpseste. Une avalanche qui emporte tout.<br />
&nbsp;<br />
Inextinguible, incontestable. L&rsquo;ordre est donné: la récréation est terminée. L&rsquo;on substitue mot pour mot, l&rsquo;on opère une bascule dans le raccourci, l&rsquo;immédiat; l&rsquo;émotionnel non distancié.<br />
&nbsp;<br />
Et quiconque par une singulière audace, contreviendrait à la doxa, serait immédiatement au mieux moqué ou pire, criminalisé, psychiatrisé. L&rsquo;on revendique ici La Reconquista (!) du champ lexical et du sens. la critique tous azimuts du monde qui nous encercle. La zététique radicale de la doctrine, du dogme, de l&rsquo;orthodoxie dont on perfuse et serine nos esprits. Voilà ce que l&rsquo;on entend par enfumageS. Voilà ce que l&rsquo;on prétend opérer. <strong>Austérité, quid!? </strong></p>
<p>&nbsp;<br />
&nbsp;<br />
Ici le compte rendu du Jeudi 07 juillet 2016 11h. Rassemblement à l&rsquo;occasion de la remise des signatures pour le retrait de la mesure de doublement de recherche d&#8217;emploi mensuelle. Place du Bourg-de-Four, devant la fontaine. <a href="http://www.cgas.ch/SPIP/spip.php?article3181" target="_blank"><strong>ICI</strong></a>.</p>
<hr>
<p>&nbsp;<br />
&nbsp;<br />
L&rsquo;austérité.<br />
Vaste sujet. Entre imposture à grande échelle et mystification à large spectre, l&rsquo;on entend les insistances pour le moins suspectes, l&rsquo;on assiste aux gesticulations aux ratiocinations à satiété, comme si d&rsquo;inonder les canaux empêche de s&rsquo;en détourner ou d&rsquo;aller contre-courant.<br />
&nbsp; </p>
<li>Cette rubrique t&rsquo;invite avant tout à te forger une opinion. Critique et singulière dans l&rsquo;exercice du libre arbitre éclairé. Et une opinion ne se bâti qu&rsquo;avec des outils adéquats, dont on se dote indépendamment des injonctions d&rsquo;autrui, qui en émoussent le fil.</li>
<p>&nbsp; </p>
<li>Parmi les sujet incandescent, tu trouveras ci-dessous des podcast et des chroniques; des liens et des ressources quant aux arguments suivants. Et tiens compte que cette page n&rsquo;est pas exhaustive. Qu&rsquo;elle est en perpétuelle évolution et qu&rsquo;elle t&rsquo;invite, encore, à nous dire tes suggestions.</li>
<p><center><strong>[info@libradio.org]</strong></center></p>
<hr>
<p><strong>RIE III. Réforme III de l’imposition des entreprises</strong></p>
<ul>
Intervention lors de l’assemblée publique du Mouvement vers la Révolution Citoyenne. Par Eric Decarro.<br />
<a href="http://www.travail-et-salariat.org/spip/spip.php?article60" target="_blank"><strong>travail et salariat</strong></a></ul>
<hr>
<ol>
Chômage. Pétition urgente et agenda des piquets de récoltes de signatures contre le doublement du nombre de recherches mensuelles: <a href="https://old.libradio.org/wp-content/uploads/2016/06/2016-06-16REYMOND-Claude_2016-06-16cgas-1.pdf"><strong>ICI.</strong></a></ol>
<hr>
<ul>
STOP TISA/page dédiée: <a href="https://old.libradio.org/?p=2177" target="_blank"><strong>ICI</strong></a>.</ul>
<hr>
<ul>
R.B.I./page dédiée: <a href="https://old.libradio.org/?p=2093" target="_blank"><strong>ICI</strong></a>.</ul>
<p>&nbsp;<br />
&nbsp;<br />
&nbsp; </p>

<p>&nbsp; 09.04.2018 « Combattons la précarité, sans nous laisser diviser ». C&rsquo;est avec ce double objectif que la Communauté genevoise d&rsquo;action syndicale (CGAS), par la voix de sa présidente Manuella Cattani. annonce le lancement d&rsquo;une initiative populaire cantonale pour instaurer un salaire minimum légal de 23.- de l&rsquo;heure à Genève. PODCAST. Infos et contacts: www.salaireminimum.ch &nbsp; 21.01.2017|Dernière [&hellip;]</p>
