{"id":2683,"date":"2016-10-29T00:20:00","date_gmt":"2016-10-28T23:20:00","guid":{"rendered":"http:\/\/old.libradio.org\/?page_id=2683"},"modified":"2018-03-13T03:45:26","modified_gmt":"2018-03-13T02:45:26","slug":"radio-451","status":"publish","type":"page","link":"https:\/\/old.libradio.org\/?page_id=2683","title":{"rendered":"Radio Fahrenheit 451"},"content":{"rendered":"<hr>\n<p><font size=\"5\"> Podcast capt\u00e9s lors des \u00ab\u00a0Combustions Spontan\u00e9es\u00a0\u00bb organis\u00e9es par: \u00ab\u00a0Fahrenheit 451\u00a0\u00bb, la librairie anarchiste de Gen\u00e8ve sise 24 rue Voltaire, en face du coll\u00e8ge \u00e9ponyme. <a href=\"http:\/\/www.fahrenheit451.ch\/\" target=\"_blank\"><strong>SITE<\/strong><\/a>.<\/font><\/p>\n<hr>\n<p><font size=\"4\"><br \/>\nAussi \u00ab\u00a0La minute livresque\u00a0\u00bb rubrique d\u00e9di\u00e9e, et quelques pr\u00e9sentations de livres et causeries. La page est en construction. Soutiens Fahrenheit 451! Une librairie ind\u00e9pendante et offensive! Bonne \u00e9coute et en cas de questions|suggestions: info@libradio.org <\/font><br \/>\n&nbsp;<\/p>\n<hr>\n<p>T\u00e9moignage de Cagla Aykac, ACADEMICS FOR PEACE, Les universitaires pour la paix en Turquie, puis questions-r\u00e9ponses du public. Part.1\/2<br \/>\nGen\u00e8ve, le 10 f\u00e9vrier 2016<br \/>\n<iframe loading=\"lazy\" width=\"100%\" height=\"60\" src=\"https:\/\/www.mixcloud.com\/widget\/iframe\/?hide_cover=1&#038;mini=1&#038;light=1&#038;feed=%2Fkramps%2Fcombustion-spontan%C3%A9e-p%C3%A9tition-des-academic-part22%2F\" frameborder=\"0\" ><\/iframe><br \/>\nPr\u00e9sentation et t\u00e9moignage de Cagla Aykac, puis questions-r\u00e9ponses avec le public.<br \/>\nPart.2\/2<br \/>\n<iframe loading=\"lazy\" width=\"100%\" height=\"60\" src=\"https:\/\/www.mixcloud.com\/widget\/iframe\/?hide_cover=1&#038;mini=1&#038;light=1&#038;feed=%2Fkramps%2Fcombustion-spontan%C3%A9e-p%C3%A9tition-des-academic-part1%2F\" frameborder=\"0\" ><\/iframe><br \/>\n&nbsp;<\/p>\n<hr>\n<p>Pr\u00e9sentation de la Librairie par son fondateur P. Wirsch puis une causerie \u00e9nonc\u00e9e par Francis Dupuis-D\u00e9ri, auteur prolixe et engag\u00e9 et \u00e9galement professeur \u00e0 l&rsquo;universit\u00e9 de Qu\u00e9bec, autour du th\u00e8me: \u00ab R\u00e9flexions anarchistes sur la d\u00e9mocratie \u00bb : Faut-il r\u00e9former la d\u00e9mocratie repr\u00e9sentative ou s\u0092en d\u00e9barrasser ?<br \/>\n<iframe loading=\"lazy\" width=\"100%\" height=\"60\" src=\"https:\/\/www.mixcloud.com\/widget\/iframe\/?hide_cover=1&#038;mini=1&#038;feed=%2Fkramps%2Fradio-fahrenheit451-pr%C3%A9sentation-de-francis-dupuis-d%C3%A9ri%2F\" frameborder=\"0\" ><\/iframe><br \/>\n&nbsp; <\/p>\n<hr>\n<p>Podcast de Philippe Huguenin, lors de la pr\u00e9sentation et d\u00e9bat autour du livre \u00ab Vivre dans un monde fini \u00bb de Pierre Lehmann, du vendredi 28.10.16 \u00e0 la librairie Fahrenheit 451.<\/p>\n<p>&nbsp; <\/p>\n<li><a href=\"https:\/\/www.mixcloud.com\/kramps\/pr%C3%A9sentation-et-d%C3%A9bat-autour-du-livre-vivre-dans-un-monde-fini-premi%C3%A8re-partie\/\" target=\"_blank\"><strong>Partie I<\/strong><\/a>. Pr\u00e9sentation de l&rsquo;auteur(7&prime;). Son:Kraftwerk \u00ab\u00a0Radioactivity\u00a0\u00bb(7&prime;).<\/li>\n<li><a href=\"https:\/\/www.mixcloud.com\/kramps\/pr%C3%A9sentation-et-d%C3%A9bat-autour-du-livre-vivre-dans-un-monde-fini-23\/\" target=\"_blank\"><strong>Partie II<\/strong><\/a>. Lecture s\u00e9lectionn\u00e9es et commentaires sur l&rsquo;oeuvre (27&prime;).<\/li>\n<li><a href=\"https:\/\/www.mixcloud.com\/kramps\/pr%C3%A9sentation-et-d%C3%A9bat-autour-du-livre-vivre-dans-un-monde-fini-13\/\" target=\"_blank\"><strong>Partie III<\/strong><\/a>.Nucl\u00e9aire et anarchistes l&rsquo;impossible conciliation et interventions publiques tous azimuts. (59&prime;)<\/li>\n<p>&nbsp;<br \/>\n&nbsp;<br \/>\n&nbsp;<br \/>\n&nbsp; <\/p>\n<p><a href=\"https:\/\/old.libradio.org\/wp-content\/uploads\/2016\/10\/fff.png\"><img decoding=\"async\" loading=\"lazy\" src=\"https:\/\/old.libradio.org\/wp-content\/uploads\/2016\/10\/fff.png\" alt=\"fff\" width=\"909\" height=\"499\" class=\"alignleft size-full wp-image-2686\" srcset=\"https:\/\/old.libradio.org\/wp-content\/uploads\/2016\/10\/fff.png 909w, https:\/\/old.libradio.org\/wp-content\/uploads\/2016\/10\/fff-300x165.png 300w, https:\/\/old.libradio.org\/wp-content\/uploads\/2016\/10\/fff-600x329.png 600w\" sizes=\"(max-width: 909px) 100vw, 909px\" \/><\/a><\/p>\n","protected":false},"excerpt":{"rendered":"<p>Podcast capt\u00e9s lors des \u00ab\u00a0Combustions Spontan\u00e9es\u00a0\u00bb organis\u00e9es par: \u00ab\u00a0Fahrenheit 451\u00a0\u00bb, la librairie anarchiste de Gen\u00e8ve sise 24 rue Voltaire, en face du coll\u00e8ge \u00e9ponyme. SITE. Aussi \u00ab\u00a0La minute livresque\u00a0\u00bb rubrique d\u00e9di\u00e9e, et quelques pr\u00e9sentations de livres et causeries. La page est en construction. Soutiens Fahrenheit 451! Une librairie ind\u00e9pendante et offensive! Bonne \u00e9coute et en [&hellip;]<\/p>\n","protected":false},"author":2,"featured_media":0,"parent":3689,"menu_order":4,"comment_status":"open","ping_status":"open","template":"","meta":[],"_links":{"self":[{"href":"https:\/\/old.libradio.org\/index.php?rest_route=\/wp\/v2\/pages\/2683"}],"collection":[{"href":"https:\/\/old.libradio.org\/index.php?rest_route=\/wp\/v2\/pages"}],"about":[{"href":"https:\/\/old.libradio.org\/index.php?rest_route=\/wp\/v2\/types\/page"}],"author":[{"embeddable":true,"href":"https:\/\/old.libradio.org\/index.php?rest_route=\/wp\/v2\/users\/2"}],"replies":[{"embeddable":true,"href":"https:\/\/old.libradio.org\/index.php?rest_route=%2Fwp%2Fv2%2Fcomments&post=2683"}],"version-history":[{"count":30,"href":"https:\/\/old.libradio.org\/index.php?rest_route=\/wp\/v2\/pages\/2683\/revisions"}],"predecessor-version":[{"id":3842,"href":"https:\/\/old.libradio.org\/index.php?rest_route=\/wp\/v2\/pages\/2683\/revisions\/3842"}],"up":[{"embeddable":true,"href":"https:\/\/old.libradio.org\/index.php?rest_route=\/wp\/v2\/pages\/3689"}],"wp:attachment":[{"href":"https:\/\/old.libradio.org\/index.php?rest_route=%2Fwp%2Fv2%2Fmedia&parent=2683"}],"curies":[{"name":"wp","href":"https:\/\/api.w.org\/{rel}","templated":true}]}}