{"id":584,"date":"2014-08-31T11:30:49","date_gmt":"2014-08-31T10:30:49","guid":{"rendered":"http:\/\/old.libradio.org\/?page_id=584"},"modified":"2018-07-17T02:51:21","modified_gmt":"2018-07-17T01:51:21","slug":"amies","status":"publish","type":"page","link":"https:\/\/old.libradio.org\/?page_id=584","title":{"rendered":"Complices"},"content":{"rendered":"<hr>\n<p><strong>Complices et compagne-gnons dans la toile<\/strong><br \/>\n&nbsp;<\/p>\n<ul>\n<li><a href=\"http:\/\/www.lacomete.ch\">La Com\u00e8te<\/a>\u00a0;\u00a0association d&rsquo;agitations culturelles et berceau de Libradio.org<\/li>\n<li><a href=\"http:\/\/www.frequencebanane.ch\">Fr\u00e9quence Banane ;<\/a> web-radio estudiantine, berceau de Libradio.org<\/li>\n<li><a href=\"https:\/\/libertaires.noblogs.org\/\">LibertAireS <\/a>; l&rsquo;esprit berceau de Libradio.org<\/li>\n<li><a href=\"http:\/\/bande-a-part.org\/radiopirate.php\">Radio Pirates 101<\/a><strong style=\"font-size: medium;\">:<\/strong>\u00a0l&rsquo;in\u00e9narrable, ou pas, aventure des 10 jours qui \u00e9branl\u00e8rent le monde des ondes franco-suisses! Bravo Radio Zones, et merci!<\/li>\n<\/ul>\n<p><a href=\"https:\/\/old.libradio.org\/wp-content\/uploads\/2014\/08\/noirLaradio3.jpg\"><img decoding=\"async\" loading=\"lazy\" class=\"alignright size-medium wp-image-645\" src=\"https:\/\/old.libradio.org\/wp-content\/uploads\/2014\/08\/noirLaradio3-207x300.jpg\" alt=\"noirLaradio3\" width=\"207\" height=\"300\" srcset=\"https:\/\/old.libradio.org\/wp-content\/uploads\/2014\/08\/noirLaradio3-207x300.jpg 207w, https:\/\/old.libradio.org\/wp-content\/uploads\/2014\/08\/noirLaradio3-708x1024.jpg 708w, https:\/\/old.libradio.org\/wp-content\/uploads\/2014\/08\/noirLaradio3-600x867.jpg 600w, https:\/\/old.libradio.org\/wp-content\/uploads\/2014\/08\/noirLaradio3.jpg 1000w\" sizes=\"(max-width: 207px) 100vw, 207px\" \/><\/a><br \/>\n&nbsp;<br \/>\n\u00ab\u00a0D\u00e9couvrez l\u2019histoire de ces Pirates des ondes suisses, leur organisation, leurs intentions politiques et leur profil.\u00a0Aujourd\u2019hui, il y\u00a0a prescription des faits.<br \/>\n&nbsp;<br \/>\nNotre invit\u00e9, qui en a \u00e9t\u00e9 le Coordinateur, a tenu \u00e0 garder l\u2019anonymat pour pr\u00e9server le caract\u00e8re collectif de l\u2019action de ses camarades.<br \/>\n&nbsp;<br \/>\nIl est toutefois bien connu de notre R\u00e9daction. REPORTAGE EXCLUSIF de Radio Zones.\u00a0\u00bb<br \/>\n&nbsp;<\/p>\n<hr>\n<p>Parmi les liens dessous, voici un <a href=\"https:\/\/www.youtube.com\/watch?v=CLkT9YBpB-c\">podcast<\/a> -youtube- produit par Radio Zinzine \u00e0 propos du revenu de base inconditionnel. Celui-ci sera l&rsquo;objet d&rsquo;une s\u00e9rie de rubriques \u00e0 LibrAdio dans les mois \u00e0 venir. T&rsquo;abonner \u00e0 la lettre d&rsquo;info te permets de ne point omettre d&rsquo;y \u00e9couter!<\/p>\n<hr>\n<p><span style=\"line-height: 1.5;\">Radios libres<\/span><\/p>\n<ul>\n<li><a href=\"http:\/\/www.radiocanut.org\/\">Radio Canuts <\/a>\u00e0 Lyon et sur la toile<\/li>\n<li><a href=\"http:\/\/rl.federation-anarchiste.org\/\">Radio Libertaire<\/a> \u00e0 Paname et sur la toile<\/li>\n<li><a href=\"http:\/\/www.zinzine.domainepublic.net\/index2.php\">Radio Zinzine <\/a>en Ard\u00e8che et sur la toile<\/li>\n<li><a href=\"http:\/\/www.radiozones.com\/\">Radio Zones <\/a>\u00e0 Gen\u00e8ve et sur la toile<\/li>\n<li><a href=\"http:\/\/www.radio-sans-chaine.com\/rsc\/\">Radio Sans-Cha\u00eenes <\/a>\u00e0 Gen\u00e8ve et sur la toile<\/li>\n<li><a href=\"http:\/\/www.radio-usine.net\/siteweb\/\">Radio Usine <\/a>\u00e0 Gen\u00e8ve et sur la toile<\/li>\n<\/ul>\n<p>&nbsp;<\/p>\n<hr>\n<p><strong>AmiEs non radiophoniques<\/strong><\/p>\n<ul>\n<li><a href=\"http:\/\/www,fahrenheit451.ch\">Fahrenheit 451;<\/a> librairie anarchiste, Gen\u00e8ve<\/li>\n<li><a href=\"http:\/\/www.genevelibertaire.ch\/\">Gen\u00e8ve Libertaire;<\/a> plate forme anar, Gen\u00e8ve<\/li>\n<\/ul>\n","protected":false},"excerpt":{"rendered":"<p>Complices et compagne-gnons dans la toile &nbsp; La Com\u00e8te\u00a0;\u00a0association d&rsquo;agitations culturelles et berceau de Libradio.org Fr\u00e9quence Banane ; web-radio estudiantine, berceau de Libradio.org LibertAireS ; l&rsquo;esprit berceau de Libradio.org Radio Pirates 101:\u00a0l&rsquo;in\u00e9narrable, ou pas, aventure des 10 jours qui \u00e9branl\u00e8rent le monde des ondes franco-suisses! Bravo Radio Zones, et merci! &nbsp; \u00ab\u00a0D\u00e9couvrez l\u2019histoire de ces [&hellip;]<\/p>\n","protected":false},"author":2,"featured_media":0,"parent":3659,"menu_order":2,"comment_status":"open","ping_status":"open","template":"","meta":[],"_links":{"self":[{"href":"https:\/\/old.libradio.org\/index.php?rest_route=\/wp\/v2\/pages\/584"}],"collection":[{"href":"https:\/\/old.libradio.org\/index.php?rest_route=\/wp\/v2\/pages"}],"about":[{"href":"https:\/\/old.libradio.org\/index.php?rest_route=\/wp\/v2\/types\/page"}],"author":[{"embeddable":true,"href":"https:\/\/old.libradio.org\/index.php?rest_route=\/wp\/v2\/users\/2"}],"replies":[{"embeddable":true,"href":"https:\/\/old.libradio.org\/index.php?rest_route=%2Fwp%2Fv2%2Fcomments&post=584"}],"version-history":[{"count":27,"href":"https:\/\/old.libradio.org\/index.php?rest_route=\/wp\/v2\/pages\/584\/revisions"}],"predecessor-version":[{"id":4508,"href":"https:\/\/old.libradio.org\/index.php?rest_route=\/wp\/v2\/pages\/584\/revisions\/4508"}],"up":[{"embeddable":true,"href":"https:\/\/old.libradio.org\/index.php?rest_route=\/wp\/v2\/pages\/3659"}],"wp:attachment":[{"href":"https:\/\/old.libradio.org\/index.php?rest_route=%2Fwp%2Fv2%2Fmedia&parent=584"}],"curies":[{"name":"wp","href":"https:\/\/api.w.org\/{rel}","templated":true}]}}

<hr>
<p><strong>Complices et compagne-gnons dans la toile</strong><br />
&nbsp;</p>
<ul>
<li><a href="http://www.lacomete.ch">La Comète</a> ; association d&rsquo;agitations culturelles et berceau de Libradio.org</li>
<li><a href="http://www.frequencebanane.ch">Fréquence Banane ;</a> web-radio estudiantine, berceau de Libradio.org</li>
<li><a href="https://libertaires.noblogs.org/">LibertAireS </a>; l&rsquo;esprit berceau de Libradio.org</li>
<li><a href="http://bande-a-part.org/radiopirate.php">Radio Pirates 101</a><strong style="font-size: medium;">:</strong> l&rsquo;inénarrable, ou pas, aventure des 10 jours qui ébranlèrent le monde des ondes franco-suisses! Bravo Radio Zones, et merci!</li>
</ul>
<p><a href="https://old.libradio.org/wp-content/uploads/2014/08/noirLaradio3.jpg"><img decoding="async" loading="lazy" class="alignright size-medium wp-image-645" src="https://old.libradio.org/wp-content/uploads/2014/08/noirLaradio3-207x300.jpg" alt="noirLaradio3" width="207" height="300" srcset="https://old.libradio.org/wp-content/uploads/2014/08/noirLaradio3-207x300.jpg 207w, https://old.libradio.org/wp-content/uploads/2014/08/noirLaradio3-708x1024.jpg 708w, https://old.libradio.org/wp-content/uploads/2014/08/noirLaradio3-600x867.jpg 600w, https://old.libradio.org/wp-content/uploads/2014/08/noirLaradio3.jpg 1000w" sizes="(max-width: 207px) 100vw, 207px" /></a><br />
&nbsp;<br />
« Découvrez l’histoire de ces Pirates des ondes suisses, leur organisation, leurs intentions politiques et leur profil. Aujourd’hui, il y a prescription des faits.<br />
&nbsp;<br />
Notre invité, qui en a été le Coordinateur, a tenu à garder l’anonymat pour préserver le caractère collectif de l’action de ses camarades.<br />
&nbsp;<br />
Il est toutefois bien connu de notre Rédaction. REPORTAGE EXCLUSIF de Radio Zones. »<br />
&nbsp;</p>
<hr>
<p>Parmi les liens dessous, voici un <a href="https://www.youtube.com/watch?v=CLkT9YBpB-c">podcast</a> -youtube- produit par Radio Zinzine à propos du revenu de base inconditionnel. Celui-ci sera l&rsquo;objet d&rsquo;une série de rubriques à LibrAdio dans les mois à venir. T&rsquo;abonner à la lettre d&rsquo;info te permets de ne point omettre d&rsquo;y écouter!</p>
<hr>
<p><span style="line-height: 1.5;">Radios libres</span></p>
<ul>
<li><a href="http://www.radiocanut.org/">Radio Canuts </a>à Lyon et sur la toile</li>
<li><a href="http://rl.federation-anarchiste.org/">Radio Libertaire</a> à Paname et sur la toile</li>
<li><a href="http://www.zinzine.domainepublic.net/index2.php">Radio Zinzine </a>en Ardèche et sur la toile</li>
<li><a href="http://www.radiozones.com/">Radio Zones </a>à Genève et sur la toile</li>
<li><a href="http://www.radio-sans-chaine.com/rsc/">Radio Sans-Chaînes </a>à Genève et sur la toile</li>
<li><a href="http://www.radio-usine.net/siteweb/">Radio Usine </a>à Genève et sur la toile</li>
</ul>
<p>&nbsp;</p>
<hr>
<p><strong>AmiEs non radiophoniques</strong></p>
<ul>
<li><a href="http://www,fahrenheit451.ch">Fahrenheit 451;</a> librairie anarchiste, Genève</li>
<li><a href="http://www.genevelibertaire.ch/">Genève Libertaire;</a> plate forme anar, Genève</li>
</ul>

<p>Complices et compagne-gnons dans la toile &nbsp; La Comète ; association d&rsquo;agitations culturelles et berceau de Libradio.org Fréquence Banane ; web-radio estudiantine, berceau de Libradio.org LibertAireS ; l&rsquo;esprit berceau de Libradio.org Radio Pirates 101: l&rsquo;inénarrable, ou pas, aventure des 10 jours qui ébranlèrent le monde des ondes franco-suisses! Bravo Radio Zones, et merci! &nbsp; « Découvrez l’histoire de ces [&hellip;]</p>
