{"id":8425,"date":"2020-03-17T12:38:47","date_gmt":"2020-03-17T11:38:47","guid":{"rendered":"http:\/\/old.libradio.org\/?page_id=8425"},"modified":"2020-03-31T22:27:34","modified_gmt":"2020-03-31T21:27:34","slug":"phonecast-solidaires","status":"publish","type":"page","link":"https:\/\/old.libradio.org\/?page_id=8425","title":{"rendered":"PhonoCast Solidaires"},"content":{"rendered":"<hr>\n<p>Ci-dessous seront recens\u00e9: a)les phonocast et b) quelques p\u00e9pites glan\u00e9es \u00e7a et l\u00e0 et qui touchent particuli\u00e8rement les ptites patates et pas que. Les sources sont indiqu\u00e9es, dans le cas ou du soutien quiconque souhaiterait offrir.<\/p>\n<hr>\n<p>&nbsp;<br \/>\n<font size=\"5\"><font color=#AAMMWW>COCO LE VIRUS<\/font><\/font> [<strong><a href=\"https:\/\/www.cocovirus.net\/\" rel=\"noopener\" target=\"_blank\">https:\/\/www.cocovirus.net\/<\/a><\/strong>] Page de la cagnotte de soutien. <strong><a href=\"https:\/\/fr.tipeee.com\/marguerite-de-livron-illustrations\" rel=\"noopener\" target=\"_blank\">ICI<\/a><\/strong><br \/>\n\u00c9chantillon des planches au format PDF, en libre t\u00e9l\u00e9chargement pour expliquer aux enfants ce qu&rsquo;il en est du Coronavirus: Covid-19<br \/>\nL&rsquo;ensemble de l&rsquo;oeuvre est disponible gratuitement sur le site, une plateforme de soutien existe pour celleux qui souhaitent laisser un pourboire.<br \/>\n&nbsp;<br \/>\n<a href=\"https:\/\/old.libradio.org\/wp-content\/uploads\/2020\/03\/Coco_illstr1.png\"><img decoding=\"async\" loading=\"lazy\" src=\"https:\/\/old.libradio.org\/wp-content\/uploads\/2020\/03\/Coco_illstr1-300x184.png\" alt=\"\" width=\"300\" height=\"184\" class=\"aligncenter size-medium wp-image-8648\" srcset=\"https:\/\/old.libradio.org\/wp-content\/uploads\/2020\/03\/Coco_illstr1-300x184.png 300w, https:\/\/old.libradio.org\/wp-content\/uploads\/2020\/03\/Coco_illstr1-768x470.png 768w, https:\/\/old.libradio.org\/wp-content\/uploads\/2020\/03\/Coco_illstr1-1024x627.png 1024w, https:\/\/old.libradio.org\/wp-content\/uploads\/2020\/03\/Coco_illstr1-600x367.png 600w, https:\/\/old.libradio.org\/wp-content\/uploads\/2020\/03\/Coco_illstr1.png 1474w\" sizes=\"(max-width: 300px) 100vw, 300px\" \/><\/a><br \/>\n&nbsp;<br \/>\nPlanches 1 \u00e0 9 \u00e0 t\u00e9l\u00e9charger au format PDF \u00e0 titre d&rsquo;exemple. Chaque jours une nouvelle planche, un nouveau th\u00e8me et des dessins d&rsquo;enfant sur le site d\u00e9di\u00e9 <a href=\"https:\/\/www.cocovirus.net\/pdf\" rel=\"noopener\" target=\"_blank\"><strong>ICI<\/strong><\/a> <\/p>\n<hr>\n<p>1.<a href=\"https:\/\/old.libradio.org\/wp-content\/uploads\/2020\/03\/Coco_Le-virus.pdf\"><strong>Coco_Le virus<\/strong><\/a><br \/>\n2.<a href=\"https:\/\/old.libradio.org\/wp-content\/uploads\/2020\/03\/Coco_Confinement.pdf\"><strong>Coco_Confinement<\/strong><\/a><br \/>\n3.<a href=\"https:\/\/old.libradio.org\/wp-content\/uploads\/2020\/03\/Coco_Cr\u00e9ativit\u00e9.pdf\"><strong>Coco_Cr\u00e9ativit\u00e9<\/strong><\/a><br \/>\n4.<a href=\"https:\/\/old.libradio.org\/wp-content\/uploads\/2020\/03\/Coco_LEcocole.pdf\"><strong>Coco_L&rsquo;Ecocole<\/strong><\/a><br \/>\n5.<a href=\"https:\/\/old.libradio.org\/wp-content\/uploads\/2020\/03\/Coco_La-Chine.pdf\"><strong>Coco_La Chine<\/strong><\/a><br \/>\n6.<a href=\"https:\/\/old.libradio.org\/wp-content\/uploads\/2020\/03\/Coco_La-Peur.pdf\"><strong>Coco_La Peur<\/strong><\/a><br \/>\n7.<a href=\"https:\/\/old.libradio.org\/wp-content\/uploads\/2020\/03\/Coco_Super-H\u00e9ro.pdf\"><strong>Coco_Super H\u00e9ro<\/strong><\/a><br \/>\n8.<a href=\"https:\/\/old.libradio.org\/wp-content\/uploads\/2020\/03\/Coco_Tictac.pdf\"><strong>Coco_Tictac<\/strong><\/a><br \/>\n9.<a href=\"https:\/\/old.libradio.org\/wp-content\/uploads\/2020\/03\/Coco_A-Table.pdf\"><strong>Coco_A Table<\/strong><\/a><br \/>\n10. Etc-etc &#8230; ! Entretien avec Paul, co-initiateur du projet avec Marguerite.<br \/>\n<!--[if lt IE 9]><script>document.createElement('audio');<\/script><![endif]-->\n<audio class=\"wp-audio-shortcode\" id=\"audio-8425-1\" preload=\"none\" style=\"width: 100%;\" controls=\"controls\"><source type=\"audio\/mpeg\" src=\"https:\/\/old.libradio.org\/wp-content\/uploads\/2020\/03\/Coco_Master.mp3?_=1\" \/><a href=\"https:\/\/old.libradio.org\/wp-content\/uploads\/2020\/03\/Coco_Master.mp3\">https:\/\/old.libradio.org\/wp-content\/uploads\/2020\/03\/Coco_Master.mp3<\/a><\/audio><\/p>\n<hr>\n<p>Projet de dessins, textes et sons par les enfants contre l&rsquo;isolement des a\u00een\u00e9es. Entretien avec Lila l&rsquo;initiatrice sur la page d\u00e9di\u00e9e.<strong><a href=\"https:\/\/old.libradio.org\/?page_id=8490\" rel=\"noopener\" target=\"_blank\">ICI<\/a><\/strong>.<br \/>\n<audio class=\"wp-audio-shortcode\" id=\"audio-8425-2\" preload=\"none\" style=\"width: 100%;\" controls=\"controls\"><source type=\"audio\/mpeg\" src=\"https:\/\/old.libradio.org\/wp-content\/uploads\/2020\/03\/Lila_Master_Master-1.mp3?_=2\" \/><a href=\"https:\/\/old.libradio.org\/wp-content\/uploads\/2020\/03\/Lila_Master_Master-1.mp3\">https:\/\/old.libradio.org\/wp-content\/uploads\/2020\/03\/Lila_Master_Master-1.mp3<\/a><\/audio><br \/>\nDessin de Natacha<br \/>\n<a href=\"https:\/\/old.libradio.org\/wp-content\/uploads\/2020\/03\/Natacha.png\"><img decoding=\"async\" loading=\"lazy\" src=\"https:\/\/old.libradio.org\/wp-content\/uploads\/2020\/03\/Natacha-300x217.png\" alt=\"\" width=\"300\" height=\"217\" class=\"aligncenter size-medium wp-image-8665\" srcset=\"https:\/\/old.libradio.org\/wp-content\/uploads\/2020\/03\/Natacha-300x217.png 300w, https:\/\/old.libradio.org\/wp-content\/uploads\/2020\/03\/Natacha-768x557.png 768w, https:\/\/old.libradio.org\/wp-content\/uploads\/2020\/03\/Natacha-600x435.png 600w, https:\/\/old.libradio.org\/wp-content\/uploads\/2020\/03\/Natacha.png 974w\" sizes=\"(max-width: 300px) 100vw, 300px\" \/><\/a><br \/>\n&nbsp;<\/p>\n<hr>\n<p><a href=\"https:\/\/old.libradio.org\/wp-content\/uploads\/2020\/03\/brouha.png\"><img decoding=\"async\" loading=\"lazy\" src=\"https:\/\/old.libradio.org\/wp-content\/uploads\/2020\/03\/brouha-300x248.png\" alt=\"\" width=\"300\" height=\"248\" class=\"aligncenter size-medium wp-image-8668\" srcset=\"https:\/\/old.libradio.org\/wp-content\/uploads\/2020\/03\/brouha-300x248.png 300w, https:\/\/old.libradio.org\/wp-content\/uploads\/2020\/03\/brouha-600x496.png 600w, https:\/\/old.libradio.org\/wp-content\/uploads\/2020\/03\/brouha.png 714w\" sizes=\"(max-width: 300px) 100vw, 300px\" \/><\/a><br \/>\nPr\u00e9lev\u00e9 du site de la RTS [<strong><a href=\"https:\/\/www.rts.ch\/play\/radio\/emission\/brouhaha?id=4197904\" rel=\"noopener\" target=\"_blank\">ICI<\/a><\/strong>]<br \/>\n&nbsp;<br \/>\n\u00ab\u00a0Tant que durera le confinement des \u00e9l\u00e8ves romands, Brouhaha leur offre une demi-heure quotidienne pour r\u00e9pondre \u00e0 une question : qu&rsquo;est-ce qui fait qu&rsquo;on se sent bien chez soi ? Pourquoi a-t-on peur du noir ?<br \/>\n&nbsp;<br \/>\nAutour de chaque th\u00e8me, chaque jour, une histoire originale de Christine Pompe\u00ef (l&rsquo;autrice des enqu\u00eates de Ma\u00eblys), un extrait de reportage et un.e sp\u00e9cialiste qui r\u00e9pond aux questions des enfants pos\u00e9es en direct par t\u00e9l\u00e9phone.\u00a0\u00bb<br \/>\n&nbsp;<\/p>\n<hr>\n<p>Campagne <a href=\"https:\/\/www.stop-covid.org\/\" rel=\"noopener\" target=\"_blank\">STOP-COVID<\/a> par l&rsquo;\u00e9quipe du Dr Pittet, infectiologue et virologue aux HUG-H\u00f4pitaux universitaires \u00e0 Gen\u00e8ve.<br \/>\nEntretien avec Nathalie Pichard<br \/>\n<audio class=\"wp-audio-shortcode\" id=\"audio-8425-3\" preload=\"none\" style=\"width: 100%;\" controls=\"controls\"><source type=\"audio\/mpeg\" src=\"https:\/\/old.libradio.org\/wp-content\/uploads\/2020\/03\/Stop_Covid_Master.mp3?_=3\" \/><a href=\"https:\/\/old.libradio.org\/wp-content\/uploads\/2020\/03\/Stop_Covid_Master.mp3\">https:\/\/old.libradio.org\/wp-content\/uploads\/2020\/03\/Stop_Covid_Master.mp3<\/a><\/audio><br \/>\n<a href=\"https:\/\/old.libradio.org\/wp-content\/uploads\/2020\/03\/stopcov.png\"><img decoding=\"async\" loading=\"lazy\" src=\"https:\/\/old.libradio.org\/wp-content\/uploads\/2020\/03\/stopcov-300x221.png\" alt=\"\" width=\"300\" height=\"221\" class=\"aligncenter size-medium wp-image-8673\" srcset=\"https:\/\/old.libradio.org\/wp-content\/uploads\/2020\/03\/stopcov-300x221.png 300w, https:\/\/old.libradio.org\/wp-content\/uploads\/2020\/03\/stopcov-768x567.png 768w, https:\/\/old.libradio.org\/wp-content\/uploads\/2020\/03\/stopcov-1024x756.png 1024w, https:\/\/old.libradio.org\/wp-content\/uploads\/2020\/03\/stopcov-600x443.png 600w, https:\/\/old.libradio.org\/wp-content\/uploads\/2020\/03\/stopcov.png 1070w\" sizes=\"(max-width: 300px) 100vw, 300px\" \/><\/a><br \/>\n&nbsp;<\/p>\n<hr>\n<p><strong>Les Phonocast solidaires<\/strong> ce sont des historiettes, contes et comptines. Des billets oraux, chansonnettes et berceuses; \u00e9nonc\u00e9s par des grandexs et des petitexs. Des bouts de livres et des mots r\u00e9dig\u00e9s ensemble ou seul. [Atelier enregistrement et atelier \u00e9criture pour les enfants \u00e0 la maison].<br \/>\n&nbsp;<br \/>\n<center><font size=\"4\"><font color=cccccc>Des bribes lues par des gens&#8230;pour des gens<\/blink><\/center><\/font><\/font><br \/>\n&nbsp;<br \/>\nEnregistr\u00e9s avec les t\u00e9l\u00e9phones portables, ils seront publi\u00e9s sous forme de podcast ci-dessous. Ceci viendra habiter et r\u00e9duire les solitudes qui peuvent nous toucher en ces temps troubles.<br \/>\n&nbsp;<br \/>\n<center><strong><u>Alors n\u2019h\u00e9sites plus: pr\u00e9pare ta voix, ouvre ton t\u00e9l\u00e9phone et fais-toi, fais-nous plaisirs!<\/strong><\/center><\/u><br \/>\nFormat conseill\u00e9; moins de 5 minutes, aucun th\u00e8me impos\u00e9 bien entendu, et puis tu l&rsquo;envoie \u00e0 [solidaritecov19@protonmail.com]<br \/>\nAvec en option quelques infos: ton nom\/pseudo, le titre et\/ou le th\u00e8me, ou alors totalement anonymement. A toi de jouer!<br \/>\n&nbsp;<br \/>\n<center><font size=\"4\"><a href=\"https:\/\/old.libradio.org\/?p=8332\" rel=\"noopener\" target=\"_blank\"><strong><strong><font color=cccccc><u>PAGE COVID-19 BATTONS-NOUS ENSEMBLE<\/u><\/strong><\/strong><\/a><\/CENTER><\/font><\/font><br \/>\n<center><br \/>\n<a href=\"https:\/\/old.libradio.org\/wp-content\/uploads\/2020\/03\/smashcov2-2.jpg\"><img decoding=\"async\" loading=\"lazy\" src=\"https:\/\/old.libradio.org\/wp-content\/uploads\/2020\/03\/smashcov2-2-773x1024.jpg\" alt=\"\" width=\"300\" height=\"450\" class=\"aligncenter size-large wp-image-8481\" \/><\/a><br \/>\n<\/center><\/p>\n<li>Jingle des PhonoCast Soldaires: <a href=\"https:\/\/old.libradio.org\/wp-content\/uploads\/2020\/03\/JinglePhonocast.mp3\"><strong>\u00c9coute et T\u00e9l\u00e9chargement<\/strong><\/a><\/li>\n<li>Jingle Solidarit\u00e9 antiCOV19:<a href=\"https:\/\/old.libradio.org\/wp-content\/uploads\/2020\/03\/JingleCOV-1.mp3\"><strong>Jingle<\/strong><\/a><br \/>\n<em>Dessous les podcast! Bonne \u00e9coute&#8230;<\/em><\/p>\n<table>\n<tr>\n<th><u><\/p>\n<blockquote><p>Titre du PhonoCast<\/p><\/blockquote>\n<\/th>\n<p><\/u><\/p>\n<th><u><\/p>\n<blockquote><p>Auteurex du PhonoCast<\/p><\/blockquote>\n<\/th>\n<p><\/u><\/p>\n<th><u><\/p>\n<blockquote><p>Dur\u00e9e et lien du PhonoCast<\/p><\/blockquote>\n<\/th>\n<p><\/u><br \/>\n   <\/tr>\n<tr>\n<td>1|Extrait. Le Cl\u00e9zio<\/td>\n<td>C.D.<\/td>\n<td>4&rsquo;30|<a href=\"https:\/\/old.libradio.org\/wp-content\/uploads\/2020\/03\/V_4.Mondo-Le-Cl\u00e9zio.Master.mp3\"><strong>Mondo et autres histores<\/strong><\/a><\/td>\n<\/tr>\n<tr>\n<td>2|Un Jour un mythe #1<\/td>\n<td >Anonyme<\/td>\n<td>3&rsquo;36|<a href=\"https:\/\/old.libradio.org\/wp-content\/uploads\/2020\/03\/V_1_Master.mp3\"><strong>Th\u00e9s\u00e9e<\/strong><\/a><\/td>\n<\/tr>\n<tr>\n<td>3|Un jour un mythe #2<\/td>\n<td>Anonyme<\/td>\n<td>3&rsquo;43|<a href=\"https:\/\/old.libradio.org\/wp-content\/uploads\/2020\/03\/V2_Master.mp3\"><strong>Bacchus-Dyonisos<\/strong><\/a><\/td>\n<\/tr>\n<tr>\n<td>4|La Tirade du Nez<\/td>\n<td>Anonyme<\/td>\n<td>4&rsquo;00|<a href=\"https:\/\/old.libradio.org\/wp-content\/uploads\/2020\/03\/V_3Master.mp3\"><strong>Cyrano de Bergerac<\/strong><\/a><\/td>\n<\/tr>\n<\/tr>\n<tr>\n<td>5|Un Jour un mythe #3<\/td>\n<td >Anonyme<\/td>\n<td>2&rsquo;11|<a href=\"https:\/\/old.libradio.org\/wp-content\/uploads\/2020\/03\/V_6_Master.mp3\"><strong>Thor<\/strong><\/a><\/td>\n<\/tr>\n<tr>\n<td>xxxxxxxxxxxx<\/td>\n<td>yyyyyyyyyyyy<\/td>\n<td>zzzzzzzzzzzz<\/td>\n<\/tr>\n<tr>\n<td>xxxxxxxxxxxx<\/td>\n<td>yyyyyyyyyyyy<\/td>\n<td>zzzzzzzzzzzz<\/td>\n<\/tr>\n<\/table>\n<p>&nbsp;<\/p>\n<hr>\n<p>&nbsp;<br \/>\n&nbsp;<br \/>\n&nbsp;<br \/>\n&nbsp;<br \/>\n&nbsp;<\/p>\n","protected":false},"excerpt":{"rendered":"<p>Ci-dessous seront recens\u00e9: a)les phonocast et b) quelques p\u00e9pites glan\u00e9es \u00e7a et l\u00e0 et qui touchent particuli\u00e8rement les ptites patates et pas que. Les sources sont indiqu\u00e9es, dans le cas ou du soutien quiconque souhaiterait offrir. &nbsp; COCO LE VIRUS [https:\/\/www.cocovirus.net\/] Page de la cagnotte de soutien. ICI \u00c9chantillon des planches au format PDF, en [&hellip;]<\/p>\n","protected":false},"author":2,"featured_media":0,"parent":0,"menu_order":11,"comment_status":"closed","ping_status":"closed","template":"","meta":[],"_links":{"self":[{"href":"https:\/\/old.libradio.org\/index.php?rest_route=\/wp\/v2\/pages\/8425"}],"collection":[{"href":"https:\/\/old.libradio.org\/index.php?rest_route=\/wp\/v2\/pages"}],"about":[{"href":"https:\/\/old.libradio.org\/index.php?rest_route=\/wp\/v2\/types\/page"}],"author":[{"embeddable":true,"href":"https:\/\/old.libradio.org\/index.php?rest_route=\/wp\/v2\/users\/2"}],"replies":[{"embeddable":true,"href":"https:\/\/old.libradio.org\/index.php?rest_route=%2Fwp%2Fv2%2Fcomments&post=8425"}],"version-history":[{"count":94,"href":"https:\/\/old.libradio.org\/index.php?rest_route=\/wp\/v2\/pages\/8425\/revisions"}],"predecessor-version":[{"id":8716,"href":"https:\/\/old.libradio.org\/index.php?rest_route=\/wp\/v2\/pages\/8425\/revisions\/8716"}],"wp:attachment":[{"href":"https:\/\/old.libradio.org\/index.php?rest_route=%2Fwp%2Fv2%2Fmedia&parent=8425"}],"curies":[{"name":"wp","href":"https:\/\/api.w.org\/{rel}","templated":true}]}}